{"id":1350,"date":"2014-09-16T15:28:31","date_gmt":"2014-09-16T13:28:31","guid":{"rendered":"http:\/\/pclos.janu.hu\/?page_id=1350"},"modified":"2014-09-16T15:29:43","modified_gmt":"2014-09-16T13:29:43","slug":"szeptember","status":"publish","type":"page","link":"http:\/\/pclos.janu.hu\/?page_id=1350","title":{"rendered":"szeptember"},"content":{"rendered":"<p>Tal\u00e1n m\u00e9g a ny\u00e1ri uborkaszezon hat\u00e1sa, hogy el\u00e9g szer\u00e9ny mennyis\u00e9g\u0171 \u00edr\u00e1s jelent meg a <a href=\"http:\/\/pclosmag.com\/html\/Issues\/201409\/links.html\" target=\"_blank\"><span style=\"color: #3366ff;\"><strong>PCLinuxOS Magazin<\/strong><\/span> 2014. szeptember<\/a> havi sz\u00e1mban. A c\u00edmlap \u00e9s <a href=\"http:\/\/pclosmag.com\/html\/Issues\/201409\/page01.html\" target=\"_blank\">az els\u0151 cikk<\/a> is hirdeti, hogy szeptember 21.-e a nemzetk\u00f6zi b\u00e9kenap.<\/p>\n<p><a href=\"http:\/\/pclos.janu.hu\/?p=1351\" target=\"_blank\">GIMP oktat\u00e1s: jeges sz\u00f6veg<\/a> B\u00e1r m\u00e9g messze a kar\u00e1csony, de ha valakit \u00e9rdekel, m\u00e1r most saj\u00e1t maga elk\u00e9sz\u00edtheti havas-jeges \u00fcdv\u00f6zl\u0151 lapj\u00e1t.<\/p>\n<p><a href=\"http:\/\/pclos.janu.hu\/?p=1355\" target=\"_blank\">T\u00f6r\u00f6lhetetlen f\u00e1jlok \u2013 t\u00f6rl\u00e9se<\/a> U*x alatt nincs t\u00f6r\u00f6lhetetlen f\u00e1jl, csak bolond f\u00e1jln\u00e9v. A cikk bemutatja a l\u00e1tsz\u00f3lag t\u00f6r\u00f6lhetetlen f\u00e1jlok t\u00f6rl\u00e9s\u00e9nek m\u00f3dszer\u00e9t.<\/p>\n<p><a href=\"http:\/\/pclos.janu.hu\/?p=1358\" target=\"_blank\">Rendszerind\u00edt\u00e1s GRUB2-vel<\/a> Egyre ink\u00e1bb t\u00e9rt h\u00f3d\u00edt a GRUB2. Ez a cikk bemutatja az \u00e1tt\u00e9r\u00e9s m\u00f3dszer\u00e9t <span style=\"color: #3366ff;\"><strong>PCLinuxOS<\/strong><\/span>-en, de minden bizonnyal m\u00e1s rendszereken is haszn\u00e1lhat\u00f3 megold\u00e1st tartalmaz.<\/p>\n<p><a href=\"http:\/\/pclos.janu.hu\/?p=1361\" target=\"_blank\">A s\u00fcti zab\u00e1l\u00f3<\/a> Egy \u00fajfajta t\u00e1mad\u00e1s a mag\u00e1nszf\u00e9ra ellen a k\u00e9mhirdet\u00e9s. Ennek elh\u00e1r\u00edt\u00e1s\u00e1ra val\u00f3 a Privacy Badger.<\/p>\n<p><a href=\"http:\/\/pclos.janu.hu\/?p=1365\" target=\"_blank\">A Z-shell<\/a> R\u00e9g\u00f3ta ismert ez a shell, de igaz\u00e1n most kezd terjedni. Sok, a <em>bash<\/em>-hoz k\u00e9pest \u00faj elemet tartalmaz.<\/p>\n","protected":false},"excerpt":{"rendered":"<p>Tal\u00e1n m\u00e9g a ny\u00e1ri uborkaszezon hat\u00e1sa, hogy el\u00e9g szer\u00e9ny mennyis\u00e9g\u0171 \u00edr\u00e1s jelent meg a PCLinuxOS Magazin 2014. szeptember havi sz\u00e1mban. A c\u00edmlap \u00e9s az els\u0151 cikk is hirdeti, hogy szeptember 21.-e a nemzetk\u00f6zi b\u00e9kenap. GIMP oktat\u00e1s: jeges sz\u00f6veg B\u00e1r m\u00e9g &hellip; <a href=\"http:\/\/pclos.janu.hu\/?page_id=1350\">Egy kattint\u00e1s ide a folytat\u00e1shoz&#8230;. <span class=\"meta-nav\">&rarr;<\/span><\/a><\/p>\n","protected":false},"author":1,"featured_media":0,"parent":889,"menu_order":15,"comment_status":"open","ping_status":"closed","template":"","meta":{"footnotes":""},"class_list":["post-1350","page","type-page","status-publish","hentry"],"_links":{"self":[{"href":"http:\/\/pclos.janu.hu\/index.php?rest_route=\/wp\/v2\/pages\/1350","targetHints":{"allow":["GET"]}}],"collection":[{"href":"http:\/\/pclos.janu.hu\/index.php?rest_route=\/wp\/v2\/pages"}],"about":[{"href":"http:\/\/pclos.janu.hu\/index.php?rest_route=\/wp\/v2\/types\/page"}],"author":[{"embeddable":true,"href":"http:\/\/pclos.janu.hu\/index.php?rest_route=\/wp\/v2\/users\/1"}],"replies":[{"embeddable":true,"href":"http:\/\/pclos.janu.hu\/index.php?rest_route=%2Fwp%2Fv2%2Fcomments&post=1350"}],"version-history":[{"count":1,"href":"http:\/\/pclos.janu.hu\/index.php?rest_route=\/wp\/v2\/pages\/1350\/revisions"}],"predecessor-version":[{"id":1368,"href":"http:\/\/pclos.janu.hu\/index.php?rest_route=\/wp\/v2\/pages\/1350\/revisions\/1368"}],"up":[{"embeddable":true,"href":"http:\/\/pclos.janu.hu\/index.php?rest_route=\/wp\/v2\/pages\/889"}],"wp:attachment":[{"href":"http:\/\/pclos.janu.hu\/index.php?rest_route=%2Fwp%2Fv2%2Fmedia&parent=1350"}],"curies":[{"name":"wp","href":"https:\/\/api.w.org\/{rel}","templated":true}]}}

<p>Talán még a nyári uborkaszezon hatása, hogy elég szerény mennyiségű írás jelent meg a <a href="http://pclosmag.com/html/Issues/201409/links.html" target="_blank"><span style="color: #3366ff;"><strong>PCLinuxOS Magazin</strong></span> 2014. szeptember</a> havi számban. A címlap és <a href="http://pclosmag.com/html/Issues/201409/page01.html" target="_blank">az első cikk</a> is hirdeti, hogy szeptember 21.-e a nemzetközi békenap.</p>
<p><a href="http://pclos.janu.hu/?p=1351" target="_blank">GIMP oktatás: jeges szöveg</a> Bár még messze a karácsony, de ha valakit érdekel, már most saját maga elkészítheti havas-jeges üdvözlő lapját.</p>
<p><a href="http://pclos.janu.hu/?p=1355" target="_blank">Törölhetetlen fájlok – törlése</a> U*x alatt nincs törölhetetlen fájl, csak bolond fájlnév. A cikk bemutatja a látszólag törölhetetlen fájlok törlésének módszerét.</p>
<p><a href="http://pclos.janu.hu/?p=1358" target="_blank">Rendszerindítás GRUB2-vel</a> Egyre inkább tért hódít a GRUB2. Ez a cikk bemutatja az áttérés módszerét <span style="color: #3366ff;"><strong>PCLinuxOS</strong></span>-en, de minden bizonnyal más rendszereken is használható megoldást tartalmaz.</p>
<p><a href="http://pclos.janu.hu/?p=1361" target="_blank">A süti zabáló</a> Egy újfajta támadás a magánszféra ellen a kémhirdetés. Ennek elhárítására való a Privacy Badger.</p>
<p><a href="http://pclos.janu.hu/?p=1365" target="_blank">A Z-shell</a> Régóta ismert ez a shell, de igazán most kezd terjedni. Sok, a <em>bash</em>-hoz képest új elemet tartalmaz.</p>

<p>Talán még a nyári uborkaszezon hatása, hogy elég szerény mennyiségű írás jelent meg a PCLinuxOS Magazin 2014. szeptember havi számban. A címlap és az első cikk is hirdeti, hogy szeptember 21.-e a nemzetközi békenap. GIMP oktatás: jeges szöveg Bár még &hellip; <a href="http://pclos.janu.hu/?page_id=1350">Egy kattintás ide a folytatáshoz&#8230;. <span class="meta-nav">&rarr;</span></a></p>
