{"id":1379,"date":"2014-10-21T04:39:23","date_gmt":"2014-10-21T02:39:23","guid":{"rendered":"http:\/\/pclos.janu.hu\/?page_id=1379"},"modified":"2014-10-21T04:39:23","modified_gmt":"2014-10-21T02:39:23","slug":"oktober","status":"publish","type":"page","link":"http:\/\/pclos.janu.hu\/?page_id=1379","title":{"rendered":"okt\u00f3ber"},"content":{"rendered":"<p>A mostani sz\u00e1m sem b\u0151velkedett a cikkek sz\u00e9les v\u00e1laszt\u00e9k\u00e1ban. A k\u00f6vetkez\u0151ket tal\u00e1ltuk \u00e9rdekesnek:<\/p>\n<p><a href=\"http:\/\/pclos.janu.hu\/?p=1381%20\" target=\"_blank\">Inkscape oktat\u00e1s: naplemente csillagokkal<\/a> A csillagok elhelyez\u00e9s\u00e9nek \u00faj m\u00f3dszere.<\/p>\n<p><a href=\"http:\/\/pclos.janu.hu\/?p=1386\" target=\"_blank\">Inkscape oktat\u00e1s: vigyorg\u00f3 t\u00f6kl\u00e1mpa<\/a> Hallowen-re k\u00e9sz\u00edthet\u00fcnk \u201eijeszt\u0151\u201d k\u00e9pet: egy vigyorg\u00f3 t\u00f6kl\u00e1mp\u00e1st.<\/p>\n<p><a href=\"http:\/\/pclos.janu.hu\/?p=1389\" target=\"_blank\">A Ghostery az illet\u00e9ktelen nyomk\u00f6vet\u00f6k elimin\u00e1tora<\/a> \u00dajabb t\u00e1mad\u00e1s a priv\u00e1t szf\u00e9ra ellen, amit egy szellemes kis b\u0151v\u00edtm\u00e9nnyel lehet \u2013 legal\u00e1bb r\u00e9szben \u2013 kiv\u00e9deni.<\/p>\n","protected":false},"excerpt":{"rendered":"<p>A mostani sz\u00e1m sem b\u0151velkedett a cikkek sz\u00e9les v\u00e1laszt\u00e9k\u00e1ban. A k\u00f6vetkez\u0151ket tal\u00e1ltuk \u00e9rdekesnek: Inkscape oktat\u00e1s: naplemente csillagokkal A csillagok elhelyez\u00e9s\u00e9nek \u00faj m\u00f3dszere. Inkscape oktat\u00e1s: vigyorg\u00f3 t\u00f6kl\u00e1mpa Hallowen-re k\u00e9sz\u00edthet\u00fcnk \u201eijeszt\u0151\u201d k\u00e9pet: egy vigyorg\u00f3 t\u00f6kl\u00e1mp\u00e1st. A Ghostery az illet\u00e9ktelen nyomk\u00f6vet\u00f6k elimin\u00e1tora \u00dajabb &hellip; <a href=\"http:\/\/pclos.janu.hu\/?page_id=1379\">Egy kattint\u00e1s ide a folytat\u00e1shoz&#8230;. <span class=\"meta-nav\">&rarr;<\/span><\/a><\/p>\n","protected":false},"author":1,"featured_media":0,"parent":889,"menu_order":10,"comment_status":"open","ping_status":"closed","template":"","meta":{"footnotes":""},"class_list":["post-1379","page","type-page","status-publish","hentry"],"_links":{"self":[{"href":"http:\/\/pclos.janu.hu\/index.php?rest_route=\/wp\/v2\/pages\/1379","targetHints":{"allow":["GET"]}}],"collection":[{"href":"http:\/\/pclos.janu.hu\/index.php?rest_route=\/wp\/v2\/pages"}],"about":[{"href":"http:\/\/pclos.janu.hu\/index.php?rest_route=\/wp\/v2\/types\/page"}],"author":[{"embeddable":true,"href":"http:\/\/pclos.janu.hu\/index.php?rest_route=\/wp\/v2\/users\/1"}],"replies":[{"embeddable":true,"href":"http:\/\/pclos.janu.hu\/index.php?rest_route=%2Fwp%2Fv2%2Fcomments&post=1379"}],"version-history":[{"count":2,"href":"http:\/\/pclos.janu.hu\/index.php?rest_route=\/wp\/v2\/pages\/1379\/revisions"}],"predecessor-version":[{"id":1393,"href":"http:\/\/pclos.janu.hu\/index.php?rest_route=\/wp\/v2\/pages\/1379\/revisions\/1393"}],"up":[{"embeddable":true,"href":"http:\/\/pclos.janu.hu\/index.php?rest_route=\/wp\/v2\/pages\/889"}],"wp:attachment":[{"href":"http:\/\/pclos.janu.hu\/index.php?rest_route=%2Fwp%2Fv2%2Fmedia&parent=1379"}],"curies":[{"name":"wp","href":"https:\/\/api.w.org\/{rel}","templated":true}]}}