{"id":1424,"date":"2014-12-09T18:19:33","date_gmt":"2014-12-09T17:19:33","guid":{"rendered":"http:\/\/pclos.janu.hu\/?page_id=1424"},"modified":"2014-12-09T18:19:33","modified_gmt":"2014-12-09T17:19:33","slug":"december","status":"publish","type":"page","link":"http:\/\/pclos.janu.hu\/?page_id=1424","title":{"rendered":"december"},"content":{"rendered":"<p>Folytat\u00f3dik a &#8222;7 sz\u0171k esztend\u0151&#8221;. Az e avi kiadv\u00e1nyban sem d\u00fask\u00e1lhattunk a cikkekben, \u00edgy azt\u00e1n \u00f6sszesen 2 \u00e9rdekl\u0151d\u00e9sre tart\u00f3 cikk magyar ford\u00edt\u00e1s\u00e1t k\u00f6z\u00f6lj\u00fck:<\/p>\n<p><a href=\"http:\/\/pclos.janu.hu\/?p=1426\" target=\"_blank\">Inkscape oktat\u00f3: felragasztott cetli<\/a> Olyan ez, mint amikor egy \u00edr\u00f3t\u00f6mb egy cetlij\u00e9t cellux-szal gyorsan a szekr\u00e9ny fal\u00e1ra, az \u00edr\u00f3asztal sz\u00e9l\u00e9re, vagy m\u00e1s hasonl\u00f3 felt\u0171n\u0151 helyre ragasztan\u00e1nk.<\/p>\n<p><a href=\"http:\/\/pclos.janu.hu\/?p=1430\" target=\"_blank\">Inkscape oktat\u00f3: k\u00e9sz\u00edtsd el a saj\u00e1t pap\u00edrod<\/a> Eleg\u00e1nsabb v\u00e1llalkoz\u00e1sok, c\u00e9gek saj\u00e1t lev\u00e9lpap\u00edrt, \u00edr\u00f3t\u00f6mb\u00f6t, jegyzetlapokat k\u00e9sz\u00edttettek. Ma m\u00e1r ez sem bonyolult. A cikk egy ilyen folyamatot mutat be.<\/p>\n","protected":false},"excerpt":{"rendered":"<p>Folytat\u00f3dik a &#8222;7 sz\u0171k esztend\u0151&#8221;. Az e avi kiadv\u00e1nyban sem d\u00fask\u00e1lhattunk a cikkekben, \u00edgy azt\u00e1n \u00f6sszesen 2 \u00e9rdekl\u0151d\u00e9sre tart\u00f3 cikk magyar ford\u00edt\u00e1s\u00e1t k\u00f6z\u00f6lj\u00fck: Inkscape oktat\u00f3: felragasztott cetli Olyan ez, mint amikor egy \u00edr\u00f3t\u00f6mb egy cetlij\u00e9t cellux-szal gyorsan a szekr\u00e9ny fal\u00e1ra, &hellip; <a href=\"http:\/\/pclos.janu.hu\/?page_id=1424\">Egy kattint\u00e1s ide a folytat\u00e1shoz&#8230;. <span class=\"meta-nav\">&rarr;<\/span><\/a><\/p>\n","protected":false},"author":1,"featured_media":0,"parent":889,"menu_order":0,"comment_status":"open","ping_status":"closed","template":"","meta":{"footnotes":""},"class_list":["post-1424","page","type-page","status-publish","hentry"],"_links":{"self":[{"href":"http:\/\/pclos.janu.hu\/index.php?rest_route=\/wp\/v2\/pages\/1424","targetHints":{"allow":["GET"]}}],"collection":[{"href":"http:\/\/pclos.janu.hu\/index.php?rest_route=\/wp\/v2\/pages"}],"about":[{"href":"http:\/\/pclos.janu.hu\/index.php?rest_route=\/wp\/v2\/types\/page"}],"author":[{"embeddable":true,"href":"http:\/\/pclos.janu.hu\/index.php?rest_route=\/wp\/v2\/users\/1"}],"replies":[{"embeddable":true,"href":"http:\/\/pclos.janu.hu\/index.php?rest_route=%2Fwp%2Fv2%2Fcomments&post=1424"}],"version-history":[{"count":2,"href":"http:\/\/pclos.janu.hu\/index.php?rest_route=\/wp\/v2\/pages\/1424\/revisions"}],"predecessor-version":[{"id":1435,"href":"http:\/\/pclos.janu.hu\/index.php?rest_route=\/wp\/v2\/pages\/1424\/revisions\/1435"}],"up":[{"embeddable":true,"href":"http:\/\/pclos.janu.hu\/index.php?rest_route=\/wp\/v2\/pages\/889"}],"wp:attachment":[{"href":"http:\/\/pclos.janu.hu\/index.php?rest_route=%2Fwp%2Fv2%2Fmedia&parent=1424"}],"curies":[{"name":"wp","href":"https:\/\/api.w.org\/{rel}","templated":true}]}}