{"id":1586,"date":"2015-06-14T17:56:43","date_gmt":"2015-06-14T15:56:43","guid":{"rendered":"http:\/\/pclos.janu.hu\/?page_id=1586"},"modified":"2015-06-14T18:13:22","modified_gmt":"2015-06-14T16:13:22","slug":"junius","status":"publish","type":"page","link":"http:\/\/pclos.janu.hu\/?page_id=1586","title":{"rendered":"j\u00fanius"},"content":{"rendered":"<p>Az \u00e9v k\u00f6zep\u00e9t tartj\u00e1k az uborkaszezonnak. B\u00e1r m\u00e1r \u00e9vek \u00f3ta a politik\u00e1ban sem igaz ez az v\u00e9lelem, de most a PCLinuxOS Magazine is r\u00e1c\u00e1folt: ebben a h\u00f3napban a kor\u00e1bbiakhoz k\u00e9pest l\u00e9nyegesen t\u00f6bb \u00e9rdekes cikk jelent meg.<\/p>\n<p><a href=\"http:\/\/pclos.janu.hu\/wp-admin\/post.php?post=1587\" target=\"_blank\">Fogy\u00f3k\u00fara: \u00e1t\u00e1ll\u00e1s KDE-r\u00f6l Mate-ra<\/a>\u00a0Ak\u00e1r a m\u00falt havi cikk folytat\u00e1s\u00e1nak is felfoghatjuk: tov\u00e1bb gazdag\u00edtjuk a <span style=\"color: #993300;\">MATE<\/span> szolg\u00e1ltat\u00e1sait.<\/p>\n<p><a href=\"http:\/\/pclos.janu.hu\/?p=1590\" target=\"_blank\">Rendszerfigyel\u00e9s Conky-val, 1. r\u00e9sz<\/a>\u00a0<strong><span style=\"color: #0000ff;\">critter<\/span><\/strong> t\u00f6bb r\u00e9szesre tervezett cikk\u00e9nek els\u0151, f\u0151leg be\u00e1ll\u00edt\u00e1si lehet\u0151s\u00e9geket ismertet\u0151 r\u00e9sze.<\/p>\n<p><a href=\"http:\/\/pclos.janu.hu\/?p=1594\" target=\"_blank\">Inkscape oktat\u00f3: absztrakt tap\u00e9t\u00e1k<\/a>\u00a0Rajzoljunk bubor\u00e9kokat, \u00e9rdekes alakzatokat&#8230;<\/p>\n<p><a href=\"http:\/\/pclos.janu.hu\/?p=1597\" target=\"_blank\">Samsung nyomtat\u00f3-meghajt\u00f3 telep\u00edt\u00e9se<\/a> a TTT (Tip Top Tips) e havi nyertes \u00f6tlete.<\/p>\n<p><a href=\"http:\/\/pclos.janu.hu\/?p=1600\" target=\"_blank\">MPD (Music Player Daemon) haszn\u00e1lata<\/a>\u00a0K\u00f6nny\u0171s\u00faly\u00fa, de nem funkci\u00f3iban, hanem er\u0151forr\u00e1s ig\u00e9ny\u00e9ben! A cikk <em>conky<\/em> be\u00e1ll\u00edt\u00f3 f\u00e1jlt is tartalmaz.<\/p>\n<p><a href=\"http:\/\/pclos.janu.hu\/?p=1603\" target=\"_blank\">PhotoPrint: gyors fot\u00f3szerkeszt\u0151 \u00e9s\u00a0-nyomtat\u00f3 alkalmaz\u00e1s<\/a> t\u00f6m\u00f6r, l\u00e9nyegre t\u00f6r\u0151 cikk a t\u00e9m\u00e1hoz.<\/p>\n<p><a href=\"http:\/\/pclos.janu.hu\/?p=1606\" target=\"_blank\">RetroShare oktat\u00f3<\/a> Kapcsolattart\u00e1s biztons\u00e1gos m\u00f3don.<\/p>\n<p><a href=\"http:\/\/pclos.janu.hu\/?p=1610\" target=\"_blank\">Monitor gamma korrekci\u00f3 egyszer\u0171en<\/a> A k\u00e9perny\u0151 be\u00e1ll\u00edt\u00e1sa min\u00e9l egyszer\u0171bben.<\/p>\n","protected":false},"excerpt":{"rendered":"<p>Az \u00e9v k\u00f6zep\u00e9t tartj\u00e1k az uborkaszezonnak. B\u00e1r m\u00e1r \u00e9vek \u00f3ta a politik\u00e1ban sem igaz ez az v\u00e9lelem, de most a PCLinuxOS Magazine is r\u00e1c\u00e1folt: ebben a h\u00f3napban a kor\u00e1bbiakhoz k\u00e9pest l\u00e9nyegesen t\u00f6bb \u00e9rdekes cikk jelent meg. Fogy\u00f3k\u00fara: \u00e1t\u00e1ll\u00e1s KDE-r\u00f6l Mate-ra\u00a0Ak\u00e1r &hellip; <a href=\"http:\/\/pclos.janu.hu\/?page_id=1586\">Egy kattint\u00e1s ide a folytat\u00e1shoz&#8230;. <span class=\"meta-nav\">&rarr;<\/span><\/a><\/p>\n","protected":false},"author":1,"featured_media":0,"parent":1450,"menu_order":30,"comment_status":"open","ping_status":"closed","template":"","meta":{"footnotes":""},"class_list":["post-1586","page","type-page","status-publish","hentry"],"_links":{"self":[{"href":"http:\/\/pclos.janu.hu\/index.php?rest_route=\/wp\/v2\/pages\/1586","targetHints":{"allow":["GET"]}}],"collection":[{"href":"http:\/\/pclos.janu.hu\/index.php?rest_route=\/wp\/v2\/pages"}],"about":[{"href":"http:\/\/pclos.janu.hu\/index.php?rest_route=\/wp\/v2\/types\/page"}],"author":[{"embeddable":true,"href":"http:\/\/pclos.janu.hu\/index.php?rest_route=\/wp\/v2\/users\/1"}],"replies":[{"embeddable":true,"href":"http:\/\/pclos.janu.hu\/index.php?rest_route=%2Fwp%2Fv2%2Fcomments&post=1586"}],"version-history":[{"count":2,"href":"http:\/\/pclos.janu.hu\/index.php?rest_route=\/wp\/v2\/pages\/1586\/revisions"}],"predecessor-version":[{"id":1614,"href":"http:\/\/pclos.janu.hu\/index.php?rest_route=\/wp\/v2\/pages\/1586\/revisions\/1614"}],"up":[{"embeddable":true,"href":"http:\/\/pclos.janu.hu\/index.php?rest_route=\/wp\/v2\/pages\/1450"}],"wp:attachment":[{"href":"http:\/\/pclos.janu.hu\/index.php?rest_route=%2Fwp%2Fv2%2Fmedia&parent=1586"}],"curies":[{"name":"wp","href":"https:\/\/api.w.org\/{rel}","templated":true}]}}

június

<p>Az év közepét tartják az uborkaszezonnak. Bár már évek óta a politikában sem igaz ez az vélelem, de most a PCLinuxOS Magazine is rácáfolt: ebben a hónapban a korábbiakhoz képest lényegesen több érdekes cikk jelent meg.</p>
<p><a href="http://pclos.janu.hu/wp-admin/post.php?post=1587" target="_blank">Fogyókúra: átállás KDE-röl Mate-ra</a> Akár a múlt havi cikk folytatásának is felfoghatjuk: tovább gazdagítjuk a <span style="color: #993300;">MATE</span> szolgáltatásait.</p>
<p><a href="http://pclos.janu.hu/?p=1590" target="_blank">Rendszerfigyelés Conky-val, 1. rész</a> <strong><span style="color: #0000ff;">critter</span></strong> több részesre tervezett cikkének első, főleg beállítási lehetőségeket ismertető része.</p>
<p><a href="http://pclos.janu.hu/?p=1594" target="_blank">Inkscape oktató: absztrakt tapéták</a> Rajzoljunk buborékokat, érdekes alakzatokat&#8230;</p>
<p><a href="http://pclos.janu.hu/?p=1597" target="_blank">Samsung nyomtató-meghajtó telepítése</a> a TTT (Tip Top Tips) e havi nyertes ötlete.</p>
<p><a href="http://pclos.janu.hu/?p=1600" target="_blank">MPD (Music Player Daemon) használata</a> Könnyűsúlyú, de nem funkcióiban, hanem erőforrás igényében! A cikk <em>conky</em> beállító fájlt is tartalmaz.</p>
<p><a href="http://pclos.janu.hu/?p=1603" target="_blank">PhotoPrint: gyors fotószerkesztő és -nyomtató alkalmazás</a> tömör, lényegre törő cikk a témához.</p>
<p><a href="http://pclos.janu.hu/?p=1606" target="_blank">RetroShare oktató</a> Kapcsolattartás biztonságos módon.</p>
<p><a href="http://pclos.janu.hu/?p=1610" target="_blank">Monitor gamma korrekció egyszerűen</a> A képernyő beállítása minél egyszerűbben.</p>

<p>Az év közepét tartják az uborkaszezonnak. Bár már évek óta a politikában sem igaz ez az vélelem, de most a PCLinuxOS Magazine is rácáfolt: ebben a hónapban a korábbiakhoz képest lényegesen több érdekes cikk jelent meg. Fogyókúra: átállás KDE-röl Mate-ra Akár &hellip; <a href="http://pclos.janu.hu/?page_id=1586">Egy kattintás ide a folytatáshoz&#8230;. <span class="meta-nav">&rarr;</span></a></p>
