{"id":1930,"date":"2016-04-09T04:45:08","date_gmt":"2016-04-09T02:45:08","guid":{"rendered":"http:\/\/pclos.janu.hu\/?page_id=1930"},"modified":"2016-04-09T05:59:29","modified_gmt":"2016-04-09T03:59:29","slug":"aprilis","status":"publish","type":"page","link":"http:\/\/pclos.janu.hu\/?page_id=1930","title":{"rendered":"\u00e1prilis"},"content":{"rendered":"<p>\u00dagy t\u0171nik, az \u00e9szaki f\u00e9ltek\u00e9n minden\u00fctt bek\u00f6sz\u00f6nt\u00f6tt a tavasz. A <span style=\"color: #0000ff;\"><strong>PCLinuxOS Magazine<\/strong><\/span> rendszeres cikk\u00edr\u00f3i lakhely\u00e9n mindenk\u00e9ppen, mert csak azzal magyar\u00e1zhat\u00f3 a jelenlegi nem t\u00fal b\u0151 cikkterm\u00e9s, hogy a szerz\u0151l ink\u00e1bb a tavaszi kerti munk\u00e1kkal lehetnek elfoglalva&#8230;<\/p>\n<p>De nem maradtunk \u00e9rdekes cikkek n\u00e9lk\u00fcl. Az <em>Inkscape <\/em><em>oktat\u00f3 sorozat<\/em> ism\u00e9t b\u0151v\u00fclt, <strong><span style=\"color: #800000;\">parnote<\/span><\/strong> pedig eleget tett m\u00falt havi \u00edg\u00e9ret\u00e9nek.<\/p>\n<p><a href=\"http:\/\/pclos.janu.hu\/?p=1932\" target=\"_blank\">Inkscape oktat\u00f3: egyszer\u00fc alakzatok \u201elenyomat\u201d eszk\u00f6zzel<\/a> egyszer\u0171 eszk\u00f6z\u00f6kkel gyorsan el\u0151\u00e1ll\u00edthat\u00f3 igaz\u00e1n mutat\u00f3s alakzatok.<\/p>\n<p><a href=\"http:\/\/pclos.janu.hu\/?p=1938\" target=\"_blank\">Biztos f\u00e1jlt\u00f6rl\u00e9s: l\u00e1tja, nem l\u00e1tja&#8230; Rem\u00e9nykedj!<\/a> \u00edg\u00e9ret sz\u00e9p sz\u00f3&#8230; parnote m\u00falt havi \u00edg\u00e9ret\u00e9nek bev\u00e1lt\u00e1sa. A cik j\u00f3 hossz\u00fa, \u00e9rdemes t\u00f6bb id\u0151t sz\u00e1nni r\u00e1.<\/p>\n<p><a href=\"http:\/\/pclos.janu.hu\/?p=1943\" target=\"_blank\">Inkscape oktat\u00f3: leolvad\u00f3 sz\u00f6veg k\u00e9sz\u00edt\u00e9se<\/a> k\u00f6nnyen elk\u00e9sz\u00edthet\u0151 mutat\u00f3s sz\u00f6vegeffektus.<\/p>\n<p><a href=\"http:\/\/pclos.janu.hu\/?p=1947\" target=\"_blank\">Tip Top Tips: a GRUB men\u00fc v\u00e1ltoztat\u00e1sa B\u00c1RMELY PCLinuxOS m\u00e9di\u00e1n<\/a> egyedi h\u00e1tt\u00e9r k\u00e9sz\u00edt\u00e9se a bet\u00f6lt\u0151 men\u00fch\u00f6z.<\/p>\n<p>&nbsp;<\/p>\n<p>&nbsp;<\/p>\n","protected":false},"excerpt":{"rendered":"<p>\u00dagy t\u0171nik, az \u00e9szaki f\u00e9ltek\u00e9n minden\u00fctt bek\u00f6sz\u00f6nt\u00f6tt a tavasz. A PCLinuxOS Magazine rendszeres cikk\u00edr\u00f3i lakhely\u00e9n mindenk\u00e9ppen, mert csak azzal magyar\u00e1zhat\u00f3 a jelenlegi nem t\u00fal b\u0151 cikkterm\u00e9s, hogy a szerz\u0151l ink\u00e1bb a tavaszi kerti munk\u00e1kkal lehetnek elfoglalva&#8230; De nem maradtunk \u00e9rdekes &hellip; <a href=\"http:\/\/pclos.janu.hu\/?page_id=1930\">Egy kattint\u00e1s ide a folytat\u00e1shoz&#8230;. <span class=\"meta-nav\">&rarr;<\/span><\/a><\/p>\n","protected":false},"author":1,"featured_media":0,"parent":1846,"menu_order":40,"comment_status":"closed","ping_status":"closed","template":"","meta":{"footnotes":""},"class_list":["post-1930","page","type-page","status-publish","hentry"],"_links":{"self":[{"href":"http:\/\/pclos.janu.hu\/index.php?rest_route=\/wp\/v2\/pages\/1930","targetHints":{"allow":["GET"]}}],"collection":[{"href":"http:\/\/pclos.janu.hu\/index.php?rest_route=\/wp\/v2\/pages"}],"about":[{"href":"http:\/\/pclos.janu.hu\/index.php?rest_route=\/wp\/v2\/types\/page"}],"author":[{"embeddable":true,"href":"http:\/\/pclos.janu.hu\/index.php?rest_route=\/wp\/v2\/users\/1"}],"replies":[{"embeddable":true,"href":"http:\/\/pclos.janu.hu\/index.php?rest_route=%2Fwp%2Fv2%2Fcomments&post=1930"}],"version-history":[{"count":3,"href":"http:\/\/pclos.janu.hu\/index.php?rest_route=\/wp\/v2\/pages\/1930\/revisions"}],"predecessor-version":[{"id":1951,"href":"http:\/\/pclos.janu.hu\/index.php?rest_route=\/wp\/v2\/pages\/1930\/revisions\/1951"}],"up":[{"embeddable":true,"href":"http:\/\/pclos.janu.hu\/index.php?rest_route=\/wp\/v2\/pages\/1846"}],"wp:attachment":[{"href":"http:\/\/pclos.janu.hu\/index.php?rest_route=%2Fwp%2Fv2%2Fmedia&parent=1930"}],"curies":[{"name":"wp","href":"https:\/\/api.w.org\/{rel}","templated":true}]}}