{"id":225,"date":"2013-10-22T15:48:40","date_gmt":"2013-10-22T13:48:40","guid":{"rendered":"http:\/\/pclos.janu.hu\/?page_id=225"},"modified":"2013-10-22T16:10:37","modified_gmt":"2013-10-22T14:10:37","slug":"marcius","status":"publish","type":"page","link":"http:\/\/pclos.janu.hu\/?page_id=225","title":{"rendered":"m\u00e1rcius"},"content":{"rendered":"<p><strong><a title=\"biztons\u00e1gos jelsz\u00f3\" href=\"http:\/\/pclos.janu.hu\/?p=230\" target=\"_blank\">Biztons\u00e1gos jelsz\u00f3 k\u00f6nnyen<\/a>\u00a0<\/strong>Ez a r\u00f6vid \u00f6sszefoglal\u00f3 bemutat egy lehets\u00e9ges megold\u00e1st a nehezen felt\u00f6rhet\u0151 (\u00e9s megjegyezhet\u0151) jelsz\u00f3 kialak\u00edt\u00e1s\u00e1hoz.<\/p>\n","protected":false},"excerpt":{"rendered":"<p>Biztons\u00e1gos jelsz\u00f3 k\u00f6nnyen\u00a0Ez a r\u00f6vid \u00f6sszefoglal\u00f3 bemutat egy lehets\u00e9ges megold\u00e1st a nehezen felt\u00f6rhet\u0151 (\u00e9s megjegyezhet\u0151) jelsz\u00f3 kialak\u00edt\u00e1s\u00e1hoz.<\/p>\n","protected":false},"author":1,"featured_media":0,"parent":185,"menu_order":45,"comment_status":"open","ping_status":"closed","template":"","meta":{"footnotes":""},"class_list":["post-225","page","type-page","status-publish","hentry"],"_links":{"self":[{"href":"http:\/\/pclos.janu.hu\/index.php?rest_route=\/wp\/v2\/pages\/225","targetHints":{"allow":["GET"]}}],"collection":[{"href":"http:\/\/pclos.janu.hu\/index.php?rest_route=\/wp\/v2\/pages"}],"about":[{"href":"http:\/\/pclos.janu.hu\/index.php?rest_route=\/wp\/v2\/types\/page"}],"author":[{"embeddable":true,"href":"http:\/\/pclos.janu.hu\/index.php?rest_route=\/wp\/v2\/users\/1"}],"replies":[{"embeddable":true,"href":"http:\/\/pclos.janu.hu\/index.php?rest_route=%2Fwp%2Fv2%2Fcomments&post=225"}],"version-history":[{"count":3,"href":"http:\/\/pclos.janu.hu\/index.php?rest_route=\/wp\/v2\/pages\/225\/revisions"}],"predecessor-version":[{"id":239,"href":"http:\/\/pclos.janu.hu\/index.php?rest_route=\/wp\/v2\/pages\/225\/revisions\/239"}],"up":[{"embeddable":true,"href":"http:\/\/pclos.janu.hu\/index.php?rest_route=\/wp\/v2\/pages\/185"}],"wp:attachment":[{"href":"http:\/\/pclos.janu.hu\/index.php?rest_route=%2Fwp%2Fv2%2Fmedia&parent=225"}],"curies":[{"name":"wp","href":"https:\/\/api.w.org\/{rel}","templated":true}]}}