{"id":2581,"date":"2018-02-04T22:18:50","date_gmt":"2018-02-04T21:18:50","guid":{"rendered":"http:\/\/pclos.janu.hu\/?page_id=2581"},"modified":"2018-02-04T22:18:50","modified_gmt":"2018-02-04T21:18:50","slug":"februar","status":"publish","type":"page","link":"http:\/\/pclos.janu.hu\/?page_id=2581","title":{"rendered":"febru\u00e1r"},"content":{"rendered":"<p style=\"text-align: justify;\">Tal\u00e1n a 2017. v\u00e9gi \u00fcnnepek ut\u00e1ni pihen\u00e9s okozta, tal\u00e1n m\u00e1s, mindenesetre az ez \u00e9vi m\u00e1sodik sz\u00e1mban t\u00f6bb \u00e9rdekes cikket olvashatunk:<\/p>\n<p style=\"text-align: justify;\"><a href=\"http:\/\/pclos.janu.hu\/?p=2583\" target=\"_blank\" rel=\"noopener\">LibreOffice Calc m\u00f3kol\u00e1sa<\/a> egyre k\u00f6zelebb az Excel-lel val\u00f3 kompatibilit\u00e1shoz<\/p>\n<p style=\"text-align: justify;\"><a href=\"http:\/\/pclos.janu.hu\/?p=2586\" target=\"_blank\" rel=\"noopener\">DigiKam: a m\u00e1sik GIMP fot\u00f3soknak<\/a> mi mindenre j\u00f3 egy eredetileg fot\u00f3album \u00fcssze\u00e1ll\u00edt\u00e1s\u00e1ra szolg\u00e1l\u00f3 program!&#8230;<\/p>\n<p style=\"text-align: justify;\"><a href=\"http:\/\/pclos.janu.hu\/?p=2589\" target=\"_blank\" rel=\"noopener\">K\u00e9t m\u00f3dszer a f\u00e1jlok v\u00e9delm\u00e9re<\/a> v\u00e9dekez\u00e9s a j\u00f3v\u00e1tehetetlen hib\u00e1k egyik faj\u00e1nak elker\u00fcl\u00e9s\u00e9re \u2013 vagy legal\u00e1bbis az elk\u00f6vet\u00e9s lehet\u0151s\u00e9g\u00e9nek cs\u00f6kkent\u00e9s\u00e9re<\/p>\n<p><a href=\"http:\/\/pclos.janu.hu\/?p=2592\" target=\"_blank\" rel=\"noopener\">Inkscape Oktat\u00f3: k\u00e9sz\u00edts\u00fcnk r\u00f3zs\u00e1t<\/a> egyszer\u0171 kis vir\u00e1grajzol\u00e1s inkscape-pel<\/p>\n<p style=\"text-align: justify;\"><a href=\"http:\/\/pclos.janu.hu\/?p=2595\" target=\"_blank\" rel=\"noopener\">Az \u201eUgye megmondtam\u201d hivatal jelenti #1<\/a> Spectre \u00e9s Meltdown&#8230; Friss\u00edtsd a kerneledet s\u00fcrg\u0151sen, ha m\u00e9g eddig nem tetted meg<\/p>\n<p style=\"text-align: justify;\"><a href=\"http:\/\/pclos.janu.hu\/?p=2598\" target=\"_blank\" rel=\"noopener\">Tip Top Tips: Qt5 be\u00e1ll\u00edt\u00e1sok Trinity-n\u00e9l<\/a> amit a c\u00edm is sugall: m\u00e1s fel\u00fcleten is haszn\u00e1lhat\u00f3 a Qt5.<\/p>\n","protected":false},"excerpt":{"rendered":"<p>Tal\u00e1n a 2017. v\u00e9gi \u00fcnnepek ut\u00e1ni pihen\u00e9s okozta, tal\u00e1n m\u00e1s, mindenesetre az ez \u00e9vi m\u00e1sodik sz\u00e1mban t\u00f6bb \u00e9rdekes cikket olvashatunk: LibreOffice Calc m\u00f3kol\u00e1sa egyre k\u00f6zelebb az Excel-lel val\u00f3 kompatibilit\u00e1shoz DigiKam: a m\u00e1sik GIMP fot\u00f3soknak mi mindenre j\u00f3 egy eredetileg fot\u00f3album &hellip; <a href=\"http:\/\/pclos.janu.hu\/?page_id=2581\">Egy kattint\u00e1s ide a folytat\u00e1shoz&#8230;. <span class=\"meta-nav\">&rarr;<\/span><\/a><\/p>\n","protected":false},"author":1,"featured_media":0,"parent":2560,"menu_order":50,"comment_status":"closed","ping_status":"closed","template":"","meta":{"footnotes":""},"class_list":["post-2581","page","type-page","status-publish","hentry"],"_links":{"self":[{"href":"http:\/\/pclos.janu.hu\/index.php?rest_route=\/wp\/v2\/pages\/2581","targetHints":{"allow":["GET"]}}],"collection":[{"href":"http:\/\/pclos.janu.hu\/index.php?rest_route=\/wp\/v2\/pages"}],"about":[{"href":"http:\/\/pclos.janu.hu\/index.php?rest_route=\/wp\/v2\/types\/page"}],"author":[{"embeddable":true,"href":"http:\/\/pclos.janu.hu\/index.php?rest_route=\/wp\/v2\/users\/1"}],"replies":[{"embeddable":true,"href":"http:\/\/pclos.janu.hu\/index.php?rest_route=%2Fwp%2Fv2%2Fcomments&post=2581"}],"version-history":[{"count":1,"href":"http:\/\/pclos.janu.hu\/index.php?rest_route=\/wp\/v2\/pages\/2581\/revisions"}],"predecessor-version":[{"id":2603,"href":"http:\/\/pclos.janu.hu\/index.php?rest_route=\/wp\/v2\/pages\/2581\/revisions\/2603"}],"up":[{"embeddable":true,"href":"http:\/\/pclos.janu.hu\/index.php?rest_route=\/wp\/v2\/pages\/2560"}],"wp:attachment":[{"href":"http:\/\/pclos.janu.hu\/index.php?rest_route=%2Fwp%2Fv2%2Fmedia&parent=2581"}],"curies":[{"name":"wp","href":"https:\/\/api.w.org\/{rel}","templated":true}]}}