{"id":2708,"date":"2018-07-10T06:24:55","date_gmt":"2018-07-10T04:24:55","guid":{"rendered":"http:\/\/pclos.janu.hu\/?page_id=2708"},"modified":"2018-07-10T07:41:10","modified_gmt":"2018-07-10T05:41:10","slug":"julius","status":"publish","type":"page","link":"http:\/\/pclos.janu.hu\/?page_id=2708","title":{"rendered":"j\u00falius"},"content":{"rendered":"<p>Tombol a ny\u00e1r. A <a href=\"https:\/\/pclosmag.com\"><span style=\"color: #0000ff;\"><strong>PCLinuxOS Magazine<\/strong><\/span><\/a> szerkeszt\u0151s\u00e9ge m\u00e9gsem pihen, most is \u00e9rdekes cikkek jelentek meg:<\/p>\n<p style=\"text-align: justify;\"><a href=\"http:\/\/pclos.janu.hu\/?p=2711\" target=\"_blank\" rel=\"noopener\">A r\u00e9gen v\u00e1rt GIMP 2.10 megjelent<\/a> \u00faj t\u00e9m\u00e1kkal, ikonokkal \u2013 \u00e9s term\u00e9szetesen \u00faj \u00e9s jav\u00edtott funkci\u00f3kkal,<\/p>\n<p><a href=\"http:\/\/pclos.janu.hu\/?p=2716\" target=\"_blank\" rel=\"noopener\">YouTube &#8211; 5. r\u00e9sz<\/a> k\u00e9t vide\u00f3k\u00e9sz\u00edt\u0151 bemutat\u00e1sa,<\/p>\n<p><a href=\"http:\/\/pclos.janu.hu\/?p=2722\" target=\"_blank\" rel=\"noopener\">GIMP oktat\u00f3: saj\u00e1t s\u00e1v k\u00e9sz\u00edt\u00e9se<\/a> al\u00e1\u00edr\u00e1s \u201egazdag\u00edt\u00e1sa\u201d egyszer\u0171en,<\/p>\n<p style=\"text-align: justify;\"><a href=\"http:\/\/pclos.janu.hu\/?p=2725\" target=\"_blank\" rel=\"noopener\">Repo Mustra: QWinFF<\/a> egy hang- \u00e9s vide\u00f3f\u00e1jl konverter, ami j\u00f3r\u00e9szt helyettes\u00cdti a <em>ffmpeg<\/em>-et,<\/p>\n<p><a href=\"http:\/\/pclos.janu.hu\/?p=2728\" target=\"_blank\" rel=\"noopener\">TTT: pmwf \u2013 h\u00e1romnapos id\u00f6j\u00e1r\u00e1s-el\u00f6rejelz\u00e9s<\/a> amit a c\u00edm \u00e1ll\u00edt: 3 napos el\u0151rejelz\u00e9s egy programmal.<\/p>\n<p>&nbsp;<\/p>\n<p>&nbsp;<\/p>\n","protected":false},"excerpt":{"rendered":"<p>Tombol a ny\u00e1r. A PCLinuxOS Magazine szerkeszt\u0151s\u00e9ge m\u00e9gsem pihen, most is \u00e9rdekes cikkek jelentek meg: A r\u00e9gen v\u00e1rt GIMP 2.10 megjelent \u00faj t\u00e9m\u00e1kkal, ikonokkal \u2013 \u00e9s term\u00e9szetesen \u00faj \u00e9s jav\u00edtott funkci\u00f3kkal, YouTube &#8211; 5. r\u00e9sz k\u00e9t vide\u00f3k\u00e9sz\u00edt\u0151 bemutat\u00e1sa, GIMP oktat\u00f3: &hellip; <a href=\"http:\/\/pclos.janu.hu\/?page_id=2708\">Egy kattint\u00e1s ide a folytat\u00e1shoz&#8230;. <span class=\"meta-nav\">&rarr;<\/span><\/a><\/p>\n","protected":false},"author":1,"featured_media":0,"parent":2560,"menu_order":25,"comment_status":"closed","ping_status":"closed","template":"","meta":{"footnotes":""},"class_list":["post-2708","page","type-page","status-publish","hentry"],"_links":{"self":[{"href":"http:\/\/pclos.janu.hu\/index.php?rest_route=\/wp\/v2\/pages\/2708","targetHints":{"allow":["GET"]}}],"collection":[{"href":"http:\/\/pclos.janu.hu\/index.php?rest_route=\/wp\/v2\/pages"}],"about":[{"href":"http:\/\/pclos.janu.hu\/index.php?rest_route=\/wp\/v2\/types\/page"}],"author":[{"embeddable":true,"href":"http:\/\/pclos.janu.hu\/index.php?rest_route=\/wp\/v2\/users\/1"}],"replies":[{"embeddable":true,"href":"http:\/\/pclos.janu.hu\/index.php?rest_route=%2Fwp%2Fv2%2Fcomments&post=2708"}],"version-history":[{"count":4,"href":"http:\/\/pclos.janu.hu\/index.php?rest_route=\/wp\/v2\/pages\/2708\/revisions"}],"predecessor-version":[{"id":2731,"href":"http:\/\/pclos.janu.hu\/index.php?rest_route=\/wp\/v2\/pages\/2708\/revisions\/2731"}],"up":[{"embeddable":true,"href":"http:\/\/pclos.janu.hu\/index.php?rest_route=\/wp\/v2\/pages\/2560"}],"wp:attachment":[{"href":"http:\/\/pclos.janu.hu\/index.php?rest_route=%2Fwp%2Fv2%2Fmedia&parent=2708"}],"curies":[{"name":"wp","href":"https:\/\/api.w.org\/{rel}","templated":true}]}}