{"id":2832,"date":"2018-12-10T09:41:31","date_gmt":"2018-12-10T08:41:31","guid":{"rendered":"http:\/\/pclos.janu.hu\/?page_id=2832"},"modified":"2018-12-13T05:47:35","modified_gmt":"2018-12-13T04:47:35","slug":"december","status":"publish","type":"page","link":"http:\/\/pclos.janu.hu\/?page_id=2832","title":{"rendered":"december"},"content":{"rendered":"\r\n<div style=\"font-size: 24px; text-align: center;\">Minden kedves l\u00e1togat\u00f3nknak<br \/><strong><span style=\"color: #008000;\">B\u00c9K\u00c9S KAR\u00c1CSONYT<\/span> \u00c9S BOLDOG <span style=\"color: #0000ff;\">\u00da<\/span><span style=\"color: #ff0000;\">J<\/span><span style=\"color: #ff00ff;\">\u00c9<\/span><span style=\"color: #339966;\">V<\/span><span style=\"color: #800000;\">E<\/span><span style=\"color: #800080;\">T<\/span><\/strong><br \/>k\u00edv\u00e1nunk!<\/div>\r\n<p>A v\u00e1rakoz\u00e1ssal ellent\u00e9tben a <a href=\"http:\/\/pclosmag.com\/html\/Issues\/201812\/links.html\" target=\"_blank\" rel=\"noreferrer noopener\" aria-label=\"A v\u00e1rakoz\u00e1ssal ellent\u00e9tben a PCLinuxOS Magazine decemberi sz\u00e1ma\r\n (\u00faj f\u00fcl\u00f6n nyitja meg)\">PCLinuxOS Magazine decemberi sz\u00e1m<\/a>a nem tartalmaz a szok\u00e1sosn\u00e1l t\u00f6bb cikket:<\/p>\r\n\r\n\r\n\r\n<p><a href=\"http:\/\/pclos.janu.hu\/?p=2834\" target=\"_blank\" rel=\"noopener\">Until AM: \u00dagy gondolod tudsz szkreccselni?<\/a> Amikor a sz\u00e1m\u00edt\u00f3g\u00e9p DJ pult is,<\/p>\r\n<p><a href=\"http:\/\/pclos.janu.hu\/?p=2842\" target=\"_blank\" rel=\"noopener\">Dropbox-alternat\u00edv\u00e1k, 1. r\u00e9sz<\/a> mivel a Dropbox cs\u00f6kkentette a Linux t\u00e1mogatotts\u00e1g\u00e1t, n\u00e9h\u00e1ny azt kiv\u00e1lt\u00f3 megold\u00e1st lehet megismerni,<\/p>\r\n<p><a href=\"http:\/\/pclos.janu.hu\/?p=2853\" target=\"_blank\" rel=\"noopener\">Legjobb hang codec amir\u00f6l tal\u00e1n nem hallott\u00e1l<\/a> ez az <em>Opus,<\/em><\/p>\r\n<p><a href=\"http:\/\/pclos.janu.hu\/?p=2856\" target=\"_blank\" rel=\"noopener\">Inkscape oktat\u00f3: h\u00f3pehely \u00e9s kar\u00e1csonyfa<\/a> \u00fcdv\u00f6zl\u0151lap k\u00e9sz\u00edt\u00e9shez nagyon hasznos lehet!<\/p>\r\n<p><a href=\"http:\/\/pclos.janu.hu\/?p=2863\" target=\"_blank\" rel=\"noopener\">Repo Mustra: Cool Retro Term<\/a> egy kicsi nosztalgia a 70- es \u00e9vek termin\u00e1l szob\u00e1i ut\u00e1n \ud83d\ude42<\/p>\r\n<p>&nbsp;<\/p>\r\n","protected":false},"excerpt":{"rendered":"<p>Minden kedves l\u00e1togat\u00f3nknakB\u00c9K\u00c9S KAR\u00c1CSONYT \u00c9S BOLDOG \u00daJ\u00c9VETk\u00edv\u00e1nunk! A v\u00e1rakoz\u00e1ssal ellent\u00e9tben a PCLinuxOS Magazine decemberi sz\u00e1ma nem tartalmaz a szok\u00e1sosn\u00e1l t\u00f6bb cikket: Until AM: \u00dagy gondolod tudsz szkreccselni? Amikor a sz\u00e1m\u00edt\u00f3g\u00e9p DJ pult is, Dropbox-alternat\u00edv\u00e1k, 1. r\u00e9sz mivel a Dropbox cs\u00f6kkentette &hellip; <a href=\"http:\/\/pclos.janu.hu\/?page_id=2832\">Egy kattint\u00e1s ide a folytat\u00e1shoz&#8230;. <span class=\"meta-nav\">&rarr;<\/span><\/a><\/p>\n","protected":false},"author":1,"featured_media":0,"parent":2560,"menu_order":0,"comment_status":"closed","ping_status":"closed","template":"","meta":{"footnotes":""},"class_list":["post-2832","page","type-page","status-publish","hentry"],"_links":{"self":[{"href":"http:\/\/pclos.janu.hu\/index.php?rest_route=\/wp\/v2\/pages\/2832","targetHints":{"allow":["GET"]}}],"collection":[{"href":"http:\/\/pclos.janu.hu\/index.php?rest_route=\/wp\/v2\/pages"}],"about":[{"href":"http:\/\/pclos.janu.hu\/index.php?rest_route=\/wp\/v2\/types\/page"}],"author":[{"embeddable":true,"href":"http:\/\/pclos.janu.hu\/index.php?rest_route=\/wp\/v2\/users\/1"}],"replies":[{"embeddable":true,"href":"http:\/\/pclos.janu.hu\/index.php?rest_route=%2Fwp%2Fv2%2Fcomments&post=2832"}],"version-history":[{"count":7,"href":"http:\/\/pclos.janu.hu\/index.php?rest_route=\/wp\/v2\/pages\/2832\/revisions"}],"predecessor-version":[{"id":2868,"href":"http:\/\/pclos.janu.hu\/index.php?rest_route=\/wp\/v2\/pages\/2832\/revisions\/2868"}],"up":[{"embeddable":true,"href":"http:\/\/pclos.janu.hu\/index.php?rest_route=\/wp\/v2\/pages\/2560"}],"wp:attachment":[{"href":"http:\/\/pclos.janu.hu\/index.php?rest_route=%2Fwp%2Fv2%2Fmedia&parent=2832"}],"curies":[{"name":"wp","href":"https:\/\/api.w.org\/{rel}","templated":true}]}}