{"id":3037,"date":"2019-09-09T05:46:21","date_gmt":"2019-09-09T03:46:21","guid":{"rendered":"http:\/\/pclos.janu.hu\/?page_id=3037"},"modified":"2019-09-09T05:46:21","modified_gmt":"2019-09-09T03:46:21","slug":"szeptember","status":"publish","type":"page","link":"http:\/\/pclos.janu.hu\/?page_id=3037","title":{"rendered":"szeptember"},"content":{"rendered":"<p style=\"text-align: justify;\">Eur\u00f3p\u00e1ban az iskolakezd\u00e9s h\u00f3napja. \u201eBecsengettek\u201d. A PCLinuxOS h\u00e1za t\u00e1j\u00e1n \u00fajra megindult az \u00e9let, ahogy ez a cikkek sz\u00e1m\u00e1b\u00f3l \u00e9s tartalm\u00e1b\u00f3l is l\u00e1that\u00f3. E havi v\u00e1logat\u00e1sunk:<\/p>\n<p style=\"text-align: justify;\"><a href=\"http:\/\/pclos.janu.hu\/?p=3038\" target=\"_blank\" rel=\"noopener noreferrer\">Alkalmi Python &#8211; 8. r\u00e9sz<\/a>: a 7. r\u00e9szben megkezdett anal\u00f3g \u00f3ra program m\u00e1sodik r\u00e9sze, \u00e9s n\u00e9h\u00e1ny sz\u00f3 a halmazokr\u00f3l,<\/p>\n<p><a href=\"http:\/\/pclos.janu.hu\/?p=3042\" target=\"_blank\" rel=\"noopener noreferrer\">GIMP oktat\u00f3: egyes\u00edtett fot\u00f3k<\/a>: a YouTub-r\u00f3l ellesett megold\u00e1s, ami \u00e9rdekes effektus l\u00e9trehoz\u00e1s\u00e1ra alkalmas,<\/p>\n<p><a href=\"http:\/\/pclos.janu.hu\/?p=3045\" target=\"_blank\" rel=\"noopener noreferrer\">K\u00e9t \u201el\u00e9tmegform\u00e1l\u00f3\u201d Firefox kieg\u00e9sz\u00edt\u00f6<\/a>: 2 nagyon \u00e9rdekes \u00e9s j\u00f3l haszn\u00e1lhat\u00f3 Firefox kieg\u00e9sz\u00edt\u0151 ismertet\u00e9se,<\/p>\n<p><a href=\"http:\/\/pclos.janu.hu\/?p=3050\" target=\"_blank\" rel=\"noopener noreferrer\">Automatikus web bejelentkez\u00e9s &#8211; Yad szkript<\/a>: amit a c\u00edm is mond, bejelentkez\u00e9s Firefoxb\u00f3l.<\/p>\n","protected":false},"excerpt":{"rendered":"<p>Eur\u00f3p\u00e1ban az iskolakezd\u00e9s h\u00f3napja. \u201eBecsengettek\u201d. A PCLinuxOS h\u00e1za t\u00e1j\u00e1n \u00fajra megindult az \u00e9let, ahogy ez a cikkek sz\u00e1m\u00e1b\u00f3l \u00e9s tartalm\u00e1b\u00f3l is l\u00e1that\u00f3. E havi v\u00e1logat\u00e1sunk: Alkalmi Python &#8211; 8. r\u00e9sz: a 7. r\u00e9szben megkezdett anal\u00f3g \u00f3ra program m\u00e1sodik r\u00e9sze, \u00e9s &hellip; <a href=\"http:\/\/pclos.janu.hu\/?page_id=3037\">Egy kattint\u00e1s ide a folytat\u00e1shoz&#8230;. <span class=\"meta-nav\">&rarr;<\/span><\/a><\/p>\n","protected":false},"author":1,"featured_media":0,"parent":2870,"menu_order":15,"comment_status":"closed","ping_status":"closed","template":"","meta":{"footnotes":""},"class_list":["post-3037","page","type-page","status-publish","hentry"],"_links":{"self":[{"href":"http:\/\/pclos.janu.hu\/index.php?rest_route=\/wp\/v2\/pages\/3037","targetHints":{"allow":["GET"]}}],"collection":[{"href":"http:\/\/pclos.janu.hu\/index.php?rest_route=\/wp\/v2\/pages"}],"about":[{"href":"http:\/\/pclos.janu.hu\/index.php?rest_route=\/wp\/v2\/types\/page"}],"author":[{"embeddable":true,"href":"http:\/\/pclos.janu.hu\/index.php?rest_route=\/wp\/v2\/users\/1"}],"replies":[{"embeddable":true,"href":"http:\/\/pclos.janu.hu\/index.php?rest_route=%2Fwp%2Fv2%2Fcomments&post=3037"}],"version-history":[{"count":1,"href":"http:\/\/pclos.janu.hu\/index.php?rest_route=\/wp\/v2\/pages\/3037\/revisions"}],"predecessor-version":[{"id":3053,"href":"http:\/\/pclos.janu.hu\/index.php?rest_route=\/wp\/v2\/pages\/3037\/revisions\/3053"}],"up":[{"embeddable":true,"href":"http:\/\/pclos.janu.hu\/index.php?rest_route=\/wp\/v2\/pages\/2870"}],"wp:attachment":[{"href":"http:\/\/pclos.janu.hu\/index.php?rest_route=%2Fwp%2Fv2%2Fmedia&parent=3037"}],"curies":[{"name":"wp","href":"https:\/\/api.w.org\/{rel}","templated":true}]}}