{"id":310,"date":"2013-10-23T09:06:07","date_gmt":"2013-10-23T07:06:07","guid":{"rendered":"http:\/\/pclos.janu.hu\/?page_id=310"},"modified":"2013-10-23T09:06:07","modified_gmt":"2013-10-23T07:06:07","slug":"augusztus","status":"publish","type":"page","link":"http:\/\/pclos.janu.hu\/?page_id=310","title":{"rendered":"augusztus"},"content":{"rendered":"<p><a title=\"touchpad\" href=\"http:\/\/pclos.janu.hu\/?p=311 \" target=\"_blank\">touchpad megold\u00e1sok xorg 1.10.3 alatt<\/a>\u00a0Hogyan lehet m\u0171k\u00f6d\u00e9sre b\u00edrni az \u00e9rint\u0151padot?<\/p>\n<p><a title=\"cpufreq \" href=\" http:\/\/pclos.janu.hu\/?p=314\" target=\"_blank\">Telep\u00edtsd a cpufreq-t, hogy h\u0171v\u00f6sen tartsd a laptopod<\/a>\u00a0Egy kis energia takar\u00e9koss\u00e1g \ud83d\ude42<\/p>\n","protected":false},"excerpt":{"rendered":"<p>touchpad megold\u00e1sok xorg 1.10.3 alatt\u00a0Hogyan lehet m\u0171k\u00f6d\u00e9sre b\u00edrni az \u00e9rint\u0151padot? Telep\u00edtsd a cpufreq-t, hogy h\u0171v\u00f6sen tartsd a laptopod\u00a0Egy kis energia takar\u00e9koss\u00e1g \ud83d\ude42<\/p>\n","protected":false},"author":1,"featured_media":0,"parent":292,"menu_order":20,"comment_status":"open","ping_status":"closed","template":"","meta":{"footnotes":""},"class_list":["post-310","page","type-page","status-publish","hentry"],"_links":{"self":[{"href":"http:\/\/pclos.janu.hu\/index.php?rest_route=\/wp\/v2\/pages\/310","targetHints":{"allow":["GET"]}}],"collection":[{"href":"http:\/\/pclos.janu.hu\/index.php?rest_route=\/wp\/v2\/pages"}],"about":[{"href":"http:\/\/pclos.janu.hu\/index.php?rest_route=\/wp\/v2\/types\/page"}],"author":[{"embeddable":true,"href":"http:\/\/pclos.janu.hu\/index.php?rest_route=\/wp\/v2\/users\/1"}],"replies":[{"embeddable":true,"href":"http:\/\/pclos.janu.hu\/index.php?rest_route=%2Fwp%2Fv2%2Fcomments&post=310"}],"version-history":[{"count":1,"href":"http:\/\/pclos.janu.hu\/index.php?rest_route=\/wp\/v2\/pages\/310\/revisions"}],"predecessor-version":[{"id":319,"href":"http:\/\/pclos.janu.hu\/index.php?rest_route=\/wp\/v2\/pages\/310\/revisions\/319"}],"up":[{"embeddable":true,"href":"http:\/\/pclos.janu.hu\/index.php?rest_route=\/wp\/v2\/pages\/292"}],"wp:attachment":[{"href":"http:\/\/pclos.janu.hu\/index.php?rest_route=%2Fwp%2Fv2%2Fmedia&parent=310"}],"curies":[{"name":"wp","href":"https:\/\/api.w.org\/{rel}","templated":true}]}}