{"id":330,"date":"2013-10-23T10:05:57","date_gmt":"2013-10-23T08:05:57","guid":{"rendered":"http:\/\/pclos.janu.hu\/?page_id=330"},"modified":"2017-01-04T07:32:59","modified_gmt":"2017-01-04T06:32:59","slug":"2012-2","status":"publish","type":"page","link":"http:\/\/pclos.janu.hu\/?page_id=330","title":{"rendered":"2012"},"content":{"rendered":"<p>L\u00e1tsz\u00f3lag itt a vil\u00e1gv\u00e9ge \u2013 legal\u00e1bb is a maja napt\u00e1r szerint december 21-\u00e9n. De ez nem zavarja <strong><span style=\"color: #993300;\">texstar<\/span><\/strong>-t abban, hogy kem\u00e9nyen dolgozik a 64 bites <strong><span style=\"color: #3366ff;\">PCLinuxOS<\/span><\/strong>-en. M\u00e1rciusra v\u00e1rhat\u00f3 az els\u0151 v\u00e1ltozat nyilv\u00e1noss\u00e1gra hozatala.<\/p>\n","protected":false},"excerpt":{"rendered":"<p>L\u00e1tsz\u00f3lag itt a vil\u00e1gv\u00e9ge \u2013 legal\u00e1bb is a maja napt\u00e1r szerint december 21-\u00e9n. De ez nem zavarja texstar-t abban, hogy kem\u00e9nyen dolgozik a 64 bites PCLinuxOS-en. M\u00e1rciusra v\u00e1rhat\u00f3 az els\u0151 v\u00e1ltozat nyilv\u00e1noss\u00e1gra hozatala.<\/p>\n","protected":false},"author":1,"featured_media":0,"parent":2206,"menu_order":40,"comment_status":"open","ping_status":"closed","template":"","meta":{"footnotes":""},"class_list":["post-330","page","type-page","status-publish","hentry"],"_links":{"self":[{"href":"http:\/\/pclos.janu.hu\/index.php?rest_route=\/wp\/v2\/pages\/330","targetHints":{"allow":["GET"]}}],"collection":[{"href":"http:\/\/pclos.janu.hu\/index.php?rest_route=\/wp\/v2\/pages"}],"about":[{"href":"http:\/\/pclos.janu.hu\/index.php?rest_route=\/wp\/v2\/types\/page"}],"author":[{"embeddable":true,"href":"http:\/\/pclos.janu.hu\/index.php?rest_route=\/wp\/v2\/users\/1"}],"replies":[{"embeddable":true,"href":"http:\/\/pclos.janu.hu\/index.php?rest_route=%2Fwp%2Fv2%2Fcomments&post=330"}],"version-history":[{"count":1,"href":"http:\/\/pclos.janu.hu\/index.php?rest_route=\/wp\/v2\/pages\/330\/revisions"}],"predecessor-version":[{"id":331,"href":"http:\/\/pclos.janu.hu\/index.php?rest_route=\/wp\/v2\/pages\/330\/revisions\/331"}],"up":[{"embeddable":true,"href":"http:\/\/pclos.janu.hu\/index.php?rest_route=\/wp\/v2\/pages\/2206"}],"wp:attachment":[{"href":"http:\/\/pclos.janu.hu\/index.php?rest_route=%2Fwp%2Fv2%2Fmedia&parent=330"}],"curies":[{"name":"wp","href":"https:\/\/api.w.org\/{rel}","templated":true}]}}