{"id":3390,"date":"2021-02-12T06:22:35","date_gmt":"2021-02-12T05:22:35","guid":{"rendered":"http:\/\/pclos.janu.hu\/?page_id=3390"},"modified":"2021-02-12T06:31:25","modified_gmt":"2021-02-12T05:31:25","slug":"februar","status":"publish","type":"page","link":"http:\/\/pclos.janu.hu\/?page_id=3390","title":{"rendered":"febru\u00e1r"},"content":{"rendered":"<p>Az id\u0151j\u00e1r\u00e1s meglehet\u0151sen szesz\u00e9lyes volta arra \u00f6szt\u00f6n\u00f6z benn\u00fcnket, hogy a j\u00f3 meleg lak\u00e1sban olvassuk a <strong><a href=\"https:\/\/pclosmag.com\/html\/Issues\/202102\/links.html\" target=\"_blank\" rel=\"noopener\">PCLinuxOS Magazine<\/a><\/strong> \u00faj cikkeit. \u00cdme a ford\u00edt\u00e1sok:<\/p>\n<p><a href=\"http:\/\/pclos.janu.hu\/?p=3391\" target=\"_blank\" rel=\"noopener\">Inkscape Oktat\u00f3: Valenti-napi sz\u00edv \u00e9s h\u00e1tt\u00e9r<\/a>: k\u00e9sz\u00edts saj\u00e1t Valentin-napi \u00fcdv\u00f6zl\u00f3 lapot!<\/p>\n<p><a href=\"http:\/\/pclos.janu.hu\/?p=3394\" target=\"_blank\" rel=\"noopener\">Repo Mustra: FSearch<\/a>: gyors, szem\u00e9lyre szabhat\u00f3 keres\u0151 szolg\u00e1ltat\u00e1s,<\/p>\n<p><a href=\"http:\/\/pclos.janu.hu\/?p=3398\" target=\"_blank\" rel=\"noopener\">USB-meghajt\u00f3 megoszt\u00e1sa Wi-Fi router-en<\/a>: \u201eh\u00e1zi felh\u0151\u201d kialak\u00edt\u00e1sa nem t\u00fal nagy r\u00e1ford\u00edt\u00e1ssal,<\/p>\n<p><a href=\"http:\/\/pclos.janu.hu\/?p=3401\" target=\"_blank\" rel=\"noopener\">Firefox tippek, tr\u00fckk\u00f6k \u00e9s h\u00fasv\u00e9ti toj\u00e1sok<\/a>: hogy mi minden van a Firefox-ban&#8230;<\/p>\n<p><a href=\"http:\/\/pclos.janu.hu\/?p=3404\" target=\"_blank\" rel=\"noopener\">Free (Or Almost Free) Stuff For You<\/a>, szabadid\u0151s kiv\u00e1ncsis\u00e1ghoz honlap lista.<\/p>\n","protected":false},"excerpt":{"rendered":"<p>Az id\u0151j\u00e1r\u00e1s meglehet\u0151sen szesz\u00e9lyes volta arra \u00f6szt\u00f6n\u00f6z benn\u00fcnket, hogy a j\u00f3 meleg lak\u00e1sban olvassuk a PCLinuxOS Magazine \u00faj cikkeit. \u00cdme a ford\u00edt\u00e1sok: Inkscape Oktat\u00f3: Valenti-napi sz\u00edv \u00e9s h\u00e1tt\u00e9r: k\u00e9sz\u00edts saj\u00e1t Valentin-napi \u00fcdv\u00f6zl\u00f3 lapot! Repo Mustra: FSearch: gyors, szem\u00e9lyre szabhat\u00f3 keres\u0151 &hellip; <a href=\"http:\/\/pclos.janu.hu\/?page_id=3390\">Egy kattint\u00e1s ide a folytat\u00e1shoz&#8230;. <span class=\"meta-nav\">&rarr;<\/span><\/a><\/p>\n","protected":false},"author":1,"featured_media":0,"parent":3368,"menu_order":50,"comment_status":"closed","ping_status":"closed","template":"","meta":{"footnotes":""},"class_list":["post-3390","page","type-page","status-publish","hentry"],"_links":{"self":[{"href":"http:\/\/pclos.janu.hu\/index.php?rest_route=\/wp\/v2\/pages\/3390","targetHints":{"allow":["GET"]}}],"collection":[{"href":"http:\/\/pclos.janu.hu\/index.php?rest_route=\/wp\/v2\/pages"}],"about":[{"href":"http:\/\/pclos.janu.hu\/index.php?rest_route=\/wp\/v2\/types\/page"}],"author":[{"embeddable":true,"href":"http:\/\/pclos.janu.hu\/index.php?rest_route=\/wp\/v2\/users\/1"}],"replies":[{"embeddable":true,"href":"http:\/\/pclos.janu.hu\/index.php?rest_route=%2Fwp%2Fv2%2Fcomments&post=3390"}],"version-history":[{"count":1,"href":"http:\/\/pclos.janu.hu\/index.php?rest_route=\/wp\/v2\/pages\/3390\/revisions"}],"predecessor-version":[{"id":3407,"href":"http:\/\/pclos.janu.hu\/index.php?rest_route=\/wp\/v2\/pages\/3390\/revisions\/3407"}],"up":[{"embeddable":true,"href":"http:\/\/pclos.janu.hu\/index.php?rest_route=\/wp\/v2\/pages\/3368"}],"wp:attachment":[{"href":"http:\/\/pclos.janu.hu\/index.php?rest_route=%2Fwp%2Fv2%2Fmedia&parent=3390"}],"curies":[{"name":"wp","href":"https:\/\/api.w.org\/{rel}","templated":true}]}}