{"id":3637,"date":"2022-03-14T05:52:24","date_gmt":"2022-03-14T04:52:24","guid":{"rendered":"http:\/\/pclos.janu.hu\/?page_id=3637"},"modified":"2022-03-14T07:23:19","modified_gmt":"2022-03-14T06:23:19","slug":"2022-marcius","status":"publish","type":"page","link":"http:\/\/pclos.janu.hu\/?page_id=3637","title":{"rendered":"m\u00e1rcius"},"content":{"rendered":"<p>Nagyon v\u00e1rjuk m\u00e1r a j\u00f3 id\u0151t. De addig is van mit olvasnunk, a <strong><span style=\"color: #3366ff;\">PCLinuxOS Magazine<\/span><\/strong> szerkeszt\u0151i most kitettek maguk\u00e9rt:<\/p>\n<p style=\"text-align: justify;\"><a href=\"http:\/\/pclos.janu.hu\/?p=3638\" target=\"_blank\" rel=\"noopener\">MP3-bitr\u00e1ta t\u00f6meges \u00e1talak\u00edt\u00f3<\/a>: .mp3 f\u00e1jlok m\u00e9ret\u00e9nek cs\u00f6kkent\u00e9se jelent\u0151s vesztes\u00e9g n\u00e9lk\u00fcl,<\/p>\n<p style=\"text-align: justify;\"><a href=\"http:\/\/pclos.janu.hu\/?p=3646\" target=\"_blank\" rel=\"noopener\">Skrooge friss\u00edtett, 2. r\u00e9sz: import\u00e1l\u00e1s m\u00e1s f\u00e1jlform\u00e1tumb\u00f3l<\/a>: amit a c\u00edm is mond: m\u00e1s hasonl\u00f3 alkalmaz\u00e1sokb\u00f3l val\u00f3 adatimport,<\/p>\n<p style=\"text-align: justify;\"><a href=\"http:\/\/pclos.janu.hu\/?p=3651\" target=\"_blank\" rel=\"noopener\">LinuxQuestions.org: a tagok 2021. \u00e9vi d\u00edjazottjai<\/a>: 2021-ben ezeket tartotta a legjobbnak a Linux-os k\u00f6z\u00f6ss\u00e9g,<\/p>\n<p><a href=\"http:\/\/pclos.janu.hu\/?p=3655\" target=\"_blank\" rel=\"noopener\">GIMP oktat\u00f3: egyszer\u00fc \u00fasztathat\u00f3 log\u00f3<\/a>: egy egyszer\u0171, de l\u00e1tv\u00e1nyos effektus,<\/p>\n<p><a href=\"http:\/\/pclos.janu.hu\/?p=3658\" target=\"_blank\" rel=\"noopener\">Kedvenc Java-s programom nem m\u00fck\u00f6dik. Most akkor?<\/a> Szerencs\u00e9re van megold\u00e1s.<\/p>\n","protected":false},"excerpt":{"rendered":"<p>Nagyon v\u00e1rjuk m\u00e1r a j\u00f3 id\u0151t. De addig is van mit olvasnunk, a PCLinuxOS Magazine szerkeszt\u0151i most kitettek maguk\u00e9rt: MP3-bitr\u00e1ta t\u00f6meges \u00e1talak\u00edt\u00f3: .mp3 f\u00e1jlok m\u00e9ret\u00e9nek cs\u00f6kkent\u00e9se jelent\u0151s vesztes\u00e9g n\u00e9lk\u00fcl, Skrooge friss\u00edtett, 2. r\u00e9sz: import\u00e1l\u00e1s m\u00e1s f\u00e1jlform\u00e1tumb\u00f3l: amit a c\u00edm is &hellip; <a href=\"http:\/\/pclos.janu.hu\/?page_id=3637\">Egy kattint\u00e1s ide a folytat\u00e1shoz&#8230;. <span class=\"meta-nav\">&rarr;<\/span><\/a><\/p>\n","protected":false},"author":1,"featured_media":0,"parent":3597,"menu_order":45,"comment_status":"closed","ping_status":"closed","template":"","meta":{"footnotes":""},"class_list":["post-3637","page","type-page","status-publish","hentry"],"_links":{"self":[{"href":"http:\/\/pclos.janu.hu\/index.php?rest_route=\/wp\/v2\/pages\/3637","targetHints":{"allow":["GET"]}}],"collection":[{"href":"http:\/\/pclos.janu.hu\/index.php?rest_route=\/wp\/v2\/pages"}],"about":[{"href":"http:\/\/pclos.janu.hu\/index.php?rest_route=\/wp\/v2\/types\/page"}],"author":[{"embeddable":true,"href":"http:\/\/pclos.janu.hu\/index.php?rest_route=\/wp\/v2\/users\/1"}],"replies":[{"embeddable":true,"href":"http:\/\/pclos.janu.hu\/index.php?rest_route=%2Fwp%2Fv2%2Fcomments&post=3637"}],"version-history":[{"count":5,"href":"http:\/\/pclos.janu.hu\/index.php?rest_route=\/wp\/v2\/pages\/3637\/revisions"}],"predecessor-version":[{"id":3664,"href":"http:\/\/pclos.janu.hu\/index.php?rest_route=\/wp\/v2\/pages\/3637\/revisions\/3664"}],"up":[{"embeddable":true,"href":"http:\/\/pclos.janu.hu\/index.php?rest_route=\/wp\/v2\/pages\/3597"}],"wp:attachment":[{"href":"http:\/\/pclos.janu.hu\/index.php?rest_route=%2Fwp%2Fv2%2Fmedia&parent=3637"}],"curies":[{"name":"wp","href":"https:\/\/api.w.org\/{rel}","templated":true}]}}