{"id":3726,"date":"2022-07-12T20:39:28","date_gmt":"2022-07-12T18:39:28","guid":{"rendered":"http:\/\/pclos.janu.hu\/?page_id=3726"},"modified":"2022-07-12T20:41:50","modified_gmt":"2022-07-12T18:41:50","slug":"julius","status":"publish","type":"page","link":"http:\/\/pclos.janu.hu\/?page_id=3726","title":{"rendered":"j\u00falius"},"content":{"rendered":"<p style=\"text-align: right;\"><em>Ny\u00e1r van ny\u00e1r, r\u00f6pke lepke sz\u00e1ll vir\u00e1gra<\/em><br \/>\n<em>z\u00fcmm\u00f6g sz\u00e1z bog\u00e1r&#8230;<\/em><\/p>\n<p>Ami azt illeti, m\u00e1r kaptunk eleget a ny\u00e1rb\u00f3l: hol Afrik\u00e1ban \u00e9rezhett\u00fck magunkat, hol meg valahol \u00c9szakon&#8230;<\/p>\n<p style=\"text-align: justify;\">Ez\u00e9rt (is) j\u00f3 dolog a sz\u00e1m\u00edt\u00e1stechnika: elm\u00e9letileg ugyanis a sz\u00e1m\u00edt\u00f3g\u00e9p k\u00f6vetkezetesen viselkedik (hacsak nem szabadulnak el a bitek). A <span style=\"color: #0000ff;\"><strong>PCLinuxOS Magazine<\/strong><\/span> meg abban seg\u00edt benn\u00fcnket, hogy kedvenc kis (vagy nagy) g\u00e9p\u00fcnket min\u00e9l hat\u00e9konyabban, c\u00e9lrat\u00f6r\u0151bben tudjuk haszn\u00e1lni.<\/p>\n<p style=\"text-align: justify;\">Az e havi sz\u00e1m term\u00e9se egy kicsit sov\u00e1nyabb, deh\u00e1t \u201e<em>Ny\u00e1r van ny\u00e1r,<\/em>&#8230;\u201d<\/p>\n<p style=\"text-align: justify;\"><a href=\"http:\/\/pclos.janu.hu\/?p=3727\" target=\"_blank\" rel=\"noopener\">Firefox Translations: felhaszn\u00e1l\u00f3oldali, ig\u00e9ny szerinti ford\u00edt\u00e1s<\/a>: helyben ford\u00edt a FireFox \u2013 kis hib\u00e1val (korl\u00e1tozott a neylvek sz\u00e1ma),<\/p>\n<p style=\"text-align: justify;\"><a href=\"http:\/\/pclos.janu.hu\/?p=3732\" target=\"_blank\" rel=\"noopener\">GIMP oktat\u00f3: tal\u00e1n sosem l\u00e1tott eszk\u00f6ztulajdons\u00e1gok<\/a>: n\u00e9h\u00e1ny figyelemre \u00e9rdemes eszk\u00f6z,<\/p>\n<p style=\"text-align: justify;\"><a href=\"http:\/\/pclos.janu.hu\/?p=3735\" target=\"_blank\" rel=\"noopener\">Firefox bevezeti a Total Cookie Protection-t mindenkinek vil\u00e1gszerte<\/a>: biztons\u00e1gos s\u00fctikezel\u00e9s \u2013 a felhaszn\u00e1l\u00f3 ebb\u0151l semmit nem \u00e9rez.<\/p>\n<p style=\"text-align: justify;\">\n","protected":false},"excerpt":{"rendered":"<p>Ny\u00e1r van ny\u00e1r, r\u00f6pke lepke sz\u00e1ll vir\u00e1gra z\u00fcmm\u00f6g sz\u00e1z bog\u00e1r&#8230; Ami azt illeti, m\u00e1r kaptunk eleget a ny\u00e1rb\u00f3l: hol Afrik\u00e1ban \u00e9rezhett\u00fck magunkat, hol meg valahol \u00c9szakon&#8230; Ez\u00e9rt (is) j\u00f3 dolog a sz\u00e1m\u00edt\u00e1stechnika: elm\u00e9letileg ugyanis a sz\u00e1m\u00edt\u00f3g\u00e9p k\u00f6vetkezetesen viselkedik (hacsak nem &hellip; <a href=\"http:\/\/pclos.janu.hu\/?page_id=3726\">Egy kattint\u00e1s ide a folytat\u00e1shoz&#8230;. <span class=\"meta-nav\">&rarr;<\/span><\/a><\/p>\n","protected":false},"author":1,"featured_media":0,"parent":3597,"menu_order":25,"comment_status":"closed","ping_status":"closed","template":"","meta":{"footnotes":""},"class_list":["post-3726","page","type-page","status-publish","hentry"],"_links":{"self":[{"href":"http:\/\/pclos.janu.hu\/index.php?rest_route=\/wp\/v2\/pages\/3726","targetHints":{"allow":["GET"]}}],"collection":[{"href":"http:\/\/pclos.janu.hu\/index.php?rest_route=\/wp\/v2\/pages"}],"about":[{"href":"http:\/\/pclos.janu.hu\/index.php?rest_route=\/wp\/v2\/types\/page"}],"author":[{"embeddable":true,"href":"http:\/\/pclos.janu.hu\/index.php?rest_route=\/wp\/v2\/users\/1"}],"replies":[{"embeddable":true,"href":"http:\/\/pclos.janu.hu\/index.php?rest_route=%2Fwp%2Fv2%2Fcomments&post=3726"}],"version-history":[{"count":1,"href":"http:\/\/pclos.janu.hu\/index.php?rest_route=\/wp\/v2\/pages\/3726\/revisions"}],"predecessor-version":[{"id":3739,"href":"http:\/\/pclos.janu.hu\/index.php?rest_route=\/wp\/v2\/pages\/3726\/revisions\/3739"}],"up":[{"embeddable":true,"href":"http:\/\/pclos.janu.hu\/index.php?rest_route=\/wp\/v2\/pages\/3597"}],"wp:attachment":[{"href":"http:\/\/pclos.janu.hu\/index.php?rest_route=%2Fwp%2Fv2%2Fmedia&parent=3726"}],"curies":[{"name":"wp","href":"https:\/\/api.w.org\/{rel}","templated":true}]}}