{"id":3743,"date":"2022-08-12T03:52:02","date_gmt":"2022-08-12T01:52:02","guid":{"rendered":"http:\/\/pclos.janu.hu\/?page_id=3743"},"modified":"2022-08-12T03:59:16","modified_gmt":"2022-08-12T01:59:16","slug":"augusztus","status":"publish","type":"page","link":"http:\/\/pclos.janu.hu\/?page_id=3743","title":{"rendered":"augusztus"},"content":{"rendered":"<p style=\"text-align: justify;\">B\u00e1rmennyire is soha nem l\u00e1tott h\u00f3s\u00e9ghull\u00e1n s\u00f6p\u00f6r v\u00e9gig az eg\u00e9sz vil\u00e1gon, szerencs\u00e9re nem ment a szerz\u0151k agy\u00e1ra a forr\u00f3s\u00e1g. Most is tartalmas cikkek jelentek meg a Magazine e havi sz\u00e1m\u00e1ban \u2013 az uborkaszezonhoz k\u00e9pest nem is kis sz\u00e1mban:<\/p>\n<p><a href=\"http:\/\/pclos.janu.hu\/?p=3744\" target=\"_blank\" rel=\"noopener\">digiKam 7.7.0 megjelent<\/a>: jav\u00edt\u00e1sok, fejleszt\u00e9sek, a Qt6 c\u00e9lba v\u00e9tele,<\/p>\n<p><a href=\"http:\/\/pclos.janu.hu\/?p=3749\" target=\"_blank\" rel=\"noopener\">Inkscape oktat\u00f3: nagy\u00edt\u00f3 hat\u00e1s k\u00e9sz\u00edt\u00e9se<\/a>: var\u00e1zsoljunk nagy\u00edt\u00f3t k\u00e9p\u00fcnk f\u00f6l\u00e9,<\/p>\n<p style=\"text-align: justify;\"><a href=\"http:\/\/pclos.janu.hu\/?p=3753\" target=\"_blank\" rel=\"noopener\">A Ring beismerte, hogy a felhaszn\u00e1l\u00f3k belegyez\u00e9se, vagy v\u00e9gz\u00e9sn\u00e9lk\u00fcl ad \u00e1t vide\u00f3kat a rend\u00f6rs\u00e9gnek<\/a>: a Nagy Testv\u00e9r figyel T\u00e9ged&#8230;<\/p>\n<p><a href=\"http:\/\/pclos.janu.hu\/?p=3756\" target=\"_blank\" rel=\"noopener\">Repo mustra: AbiWord<\/a>: k\u00f6nny\u0171 s\u00faly\u00fa, sok tulajdons\u00e1ggal b\u00edr\u00f3 kiadv\u00e1nyszerkeszt\u0151,<\/p>\n<p style=\"text-align: justify;\"><a href=\"http:\/\/pclos.janu.hu\/?p=3762\" target=\"_blank\" rel=\"noopener\">Az EFF \u00e1ll\u00e1sfoglal\u00e1sa<\/a>: a Digit\u00e1lis Szolg\u00e1ltat\u00e1sok T\u00f6rv\u00e9ny \u00e9s a Digit\u00e1lis Piacok T\u00f6rv\u00e9ny EU Parlament \u00e1ltali elfogad\u00e1s\u00e1r\u00f3l<\/p>\n","protected":false},"excerpt":{"rendered":"<p>B\u00e1rmennyire is soha nem l\u00e1tott h\u00f3s\u00e9ghull\u00e1n s\u00f6p\u00f6r v\u00e9gig az eg\u00e9sz vil\u00e1gon, szerencs\u00e9re nem ment a szerz\u0151k agy\u00e1ra a forr\u00f3s\u00e1g. Most is tartalmas cikkek jelentek meg a Magazine e havi sz\u00e1m\u00e1ban \u2013 az uborkaszezonhoz k\u00e9pest nem is kis sz\u00e1mban: digiKam 7.7.0 &hellip; <a href=\"http:\/\/pclos.janu.hu\/?page_id=3743\">Egy kattint\u00e1s ide a folytat\u00e1shoz&#8230;. <span class=\"meta-nav\">&rarr;<\/span><\/a><\/p>\n","protected":false},"author":1,"featured_media":0,"parent":3597,"menu_order":20,"comment_status":"closed","ping_status":"closed","template":"","meta":{"footnotes":""},"class_list":["post-3743","page","type-page","status-publish","hentry"],"_links":{"self":[{"href":"http:\/\/pclos.janu.hu\/index.php?rest_route=\/wp\/v2\/pages\/3743","targetHints":{"allow":["GET"]}}],"collection":[{"href":"http:\/\/pclos.janu.hu\/index.php?rest_route=\/wp\/v2\/pages"}],"about":[{"href":"http:\/\/pclos.janu.hu\/index.php?rest_route=\/wp\/v2\/types\/page"}],"author":[{"embeddable":true,"href":"http:\/\/pclos.janu.hu\/index.php?rest_route=\/wp\/v2\/users\/1"}],"replies":[{"embeddable":true,"href":"http:\/\/pclos.janu.hu\/index.php?rest_route=%2Fwp%2Fv2%2Fcomments&post=3743"}],"version-history":[{"count":1,"href":"http:\/\/pclos.janu.hu\/index.php?rest_route=\/wp\/v2\/pages\/3743\/revisions"}],"predecessor-version":[{"id":3765,"href":"http:\/\/pclos.janu.hu\/index.php?rest_route=\/wp\/v2\/pages\/3743\/revisions\/3765"}],"up":[{"embeddable":true,"href":"http:\/\/pclos.janu.hu\/index.php?rest_route=\/wp\/v2\/pages\/3597"}],"wp:attachment":[{"href":"http:\/\/pclos.janu.hu\/index.php?rest_route=%2Fwp%2Fv2%2Fmedia&parent=3743"}],"curies":[{"name":"wp","href":"https:\/\/api.w.org\/{rel}","templated":true}]}}