{"id":378,"date":"2013-10-24T08:09:20","date_gmt":"2013-10-24T06:09:20","guid":{"rendered":"http:\/\/pclos.janu.hu\/?page_id=378"},"modified":"2013-12-31T18:58:44","modified_gmt":"2013-12-31T17:58:44","slug":"majus","status":"publish","type":"page","link":"http:\/\/pclos.janu.hu\/?page_id=378","title":{"rendered":"m\u00e1jus"},"content":{"rendered":"<p>A f\u0151szerkeszt\u0151 a \u201evez\u00e9r\u201d cikkben a k\u00e9perny\u0151k\u00e9pekr\u0151l medit\u00e1l. Valahogy elsikkadt az a po\u00e9n, hogy a 64 bites v\u00e1ltozat itt d\u00f6r\u00f6mb\u00f6l a kapuban, ez meg a 64. sz\u00e1m \ud83d\ude42<\/p>\n<p><a href=\"http:\/\/pclos.janu.hu\/?p=852\" target=\"_blank\">Mi\u00e9rt nem j\u00f3 sudo-t haszn\u00e1lni<\/a>\u00a0R\u00f6vid kis \u00edr\u00e1s a\u00a0<em>sudo<\/em> haszn\u00e1lat\u00e1nak vesz\u00e9lyeir\u0151l.<\/p>\n<p><a title=\"virtualbox meghajt\u00f3 mozgat\u00e1sa\" href=\" http:\/\/pclos.janu.hu\/?p=379\">VirtualBox meghajt\u00f3k mozgat\u00e1sa k\u00f6nnyen<\/a>\u00a0<span style=\"color: #008000;\"><strong>parnote<\/strong><\/span> le\u00edr\u00e1sa \u00f3ta sokat fejl\u0151d\u00f6tt a <em>VirtualBox. <\/em>Ma m\u00e1r az \u201eExport\u201d, majd \u201eImport\u201d lehet\u0151s\u00e9g alkalmaz\u00e1s\u00e1val hordozhat\u00f3 a virtu\u00e1lis rendszer. Az \u00faj helyen az eredetihez k\u00e9pest elt\u00e9r\u0151en is lehet konfigur\u00e1lni.<\/p>\n<p><a title=\"NTFS jav\u00edt\u00e1s\" href=\"http:\/\/pclos.janu.hu\/?p=383\" target=\"_blank\">NTFS part\u00edci\u00f3 jav\u00edt\u00e1sa fsck-val k\u00f6nnyen<\/a>\u00a0Windows part\u00edci\u00f3 jav\u00edt\u00e1sa <strong>Linux<\/strong> al\u00f3l? IGEN!<\/p>\n","protected":false},"excerpt":{"rendered":"<p>A f\u0151szerkeszt\u0151 a \u201evez\u00e9r\u201d cikkben a k\u00e9perny\u0151k\u00e9pekr\u0151l medit\u00e1l. Valahogy elsikkadt az a po\u00e9n, hogy a 64 bites v\u00e1ltozat itt d\u00f6r\u00f6mb\u00f6l a kapuban, ez meg a 64. sz\u00e1m \ud83d\ude42 Mi\u00e9rt nem j\u00f3 sudo-t haszn\u00e1lni\u00a0R\u00f6vid kis \u00edr\u00e1s a\u00a0sudo haszn\u00e1lat\u00e1nak vesz\u00e9lyeir\u0151l. VirtualBox meghajt\u00f3k &hellip; <a href=\"http:\/\/pclos.janu.hu\/?page_id=378\">Egy kattint\u00e1s ide a folytat\u00e1shoz&#8230;. <span class=\"meta-nav\">&rarr;<\/span><\/a><\/p>\n","protected":false},"author":1,"featured_media":0,"parent":330,"menu_order":35,"comment_status":"open","ping_status":"closed","template":"","meta":{"footnotes":""},"class_list":["post-378","page","type-page","status-publish","hentry"],"_links":{"self":[{"href":"http:\/\/pclos.janu.hu\/index.php?rest_route=\/wp\/v2\/pages\/378","targetHints":{"allow":["GET"]}}],"collection":[{"href":"http:\/\/pclos.janu.hu\/index.php?rest_route=\/wp\/v2\/pages"}],"about":[{"href":"http:\/\/pclos.janu.hu\/index.php?rest_route=\/wp\/v2\/types\/page"}],"author":[{"embeddable":true,"href":"http:\/\/pclos.janu.hu\/index.php?rest_route=\/wp\/v2\/users\/1"}],"replies":[{"embeddable":true,"href":"http:\/\/pclos.janu.hu\/index.php?rest_route=%2Fwp%2Fv2%2Fcomments&post=378"}],"version-history":[{"count":5,"href":"http:\/\/pclos.janu.hu\/index.php?rest_route=\/wp\/v2\/pages\/378\/revisions"}],"predecessor-version":[{"id":858,"href":"http:\/\/pclos.janu.hu\/index.php?rest_route=\/wp\/v2\/pages\/378\/revisions\/858"}],"up":[{"embeddable":true,"href":"http:\/\/pclos.janu.hu\/index.php?rest_route=\/wp\/v2\/pages\/330"}],"wp:attachment":[{"href":"http:\/\/pclos.janu.hu\/index.php?rest_route=%2Fwp%2Fv2%2Fmedia&parent=378"}],"curies":[{"name":"wp","href":"https:\/\/api.w.org\/{rel}","templated":true}]}}

május

<p>A főszerkesztő a „vezér” cikkben a képernyőképekről meditál. Valahogy elsikkadt az a poén, hogy a 64 bites változat itt dörömböl a kapuban, ez meg a 64. szám 🙂</p>
<p><a href="http://pclos.janu.hu/?p=852" target="_blank">Miért nem jó sudo-t használni</a> Rövid kis írás a <em>sudo</em> használatának veszélyeiről.</p>
<p><a title="virtualbox meghajtó mozgatása" href=" http://pclos.janu.hu/?p=379">VirtualBox meghajtók mozgatása könnyen</a> <span style="color: #008000;"><strong>parnote</strong></span> leírása óta sokat fejlődött a <em>VirtualBox. </em>Ma már az „Export”, majd „Import” lehetőség alkalmazásával hordozható a virtuális rendszer. Az új helyen az eredetihez képest eltérően is lehet konfigurálni.</p>
<p><a title="NTFS javítás" href="http://pclos.janu.hu/?p=383" target="_blank">NTFS partíció javítása fsck-val könnyen</a> Windows partíció javítása <strong>Linux</strong> alól? IGEN!</p>

<p>A főszerkesztő a „vezér” cikkben a képernyőképekről meditál. Valahogy elsikkadt az a poén, hogy a 64 bites változat itt dörömböl a kapuban, ez meg a 64. szám 🙂 Miért nem jó sudo-t használni Rövid kis írás a sudo használatának veszélyeiről. VirtualBox meghajtók &hellip; <a href="http://pclos.janu.hu/?page_id=378">Egy kattintás ide a folytatáshoz&#8230;. <span class="meta-nav">&rarr;</span></a></p>
