{"id":3833,"date":"2023-01-15T05:03:04","date_gmt":"2023-01-15T04:03:04","guid":{"rendered":"http:\/\/pclos.janu.hu\/?page_id=3833"},"modified":"2023-01-15T05:03:04","modified_gmt":"2023-01-15T04:03:04","slug":"januar","status":"publish","type":"page","link":"http:\/\/pclos.janu.hu\/?page_id=3833","title":{"rendered":"janu\u00e1r"},"content":{"rendered":"<p>\u00daj \u00e9v, \u00faj rem\u00e9nyek&#8230; Meg az \u00faj fogadkoz\u00e1sok ideje.<\/p>\n<p style=\"text-align: justify;\">Mi nem fogadkozunk, puszt\u00e1n v\u00e9gezz\u00fck a cikkek ford\u00edt\u00e1s\u00e1t, amilyen gyorsan lehet. Sajnos, egy technikai hiba miatt csak k\u00e9s\u00e9ssel tudtunk v\u00e1llalt k\u00f6telezetts\u00e9g\u00fcnknek eleget tenni.<\/p>\n<p>Az \u00faj\u00e9vi cikkek ford\u00edt\u00e1sai:<\/p>\n<p><a href=\"http:\/\/pclos.janu.hu\/?p=3836\" target=\"_blank\" rel=\"noopener\">Linux-termin\u00e1l haszn\u00e1lata f\u00e1jlkezel\u00f6k\u00e9nt<\/a>: alapszint\u00fa, nagyon fontos ismertet\u0151 a termin\u00e1l haszn\u00e1latr\u00f3l,<\/p>\n<p><a href=\"http:\/\/pclos.janu.hu\/?p=3839\" target=\"_blank\" rel=\"noopener\">PDF 3A. r\u00e9sz: PDF-f\u00e1jlok manipul\u00e1l\u00e1sa, GUI-val<\/a>: 3 grafikus alkalmaz\u00e1s bemutat\u00e1sa,<\/p>\n<p><a href=\"http:\/\/pclos.janu.hu\/?p=3845\" target=\"_blank\" rel=\"noopener\">\u00cdg\u00e9retes \u00faj GDPR-szab\u00e1lyoz\u00e1s a c\u00e9lzott hirdet\u00e9sek ellen<\/a>: cs\u00f6kkenni fog az internetes szok\u00e1sainkon alapul\u00f3 k\u00e9retlen rekl\u00e1m tev\u00e9kenys\u00e9g?<\/p>\n<p><a href=\"http:\/\/pclos.janu.hu\/?p=3848\" target=\"_blank\" rel=\"noopener\">GIMP oktat\u00f3: a jav\u00edt\u00f3 eszk\u00f6z haszn\u00e1lata<\/a>: k\u00e9pmin\u0151s\u00e9g jav\u00edt\u00e1sa a jav\u00edt\u00f3 eszk\u00f6zzel.<\/p>\n<p>&nbsp;<\/p>\n","protected":false},"excerpt":{"rendered":"<p>\u00daj \u00e9v, \u00faj rem\u00e9nyek&#8230; Meg az \u00faj fogadkoz\u00e1sok ideje. Mi nem fogadkozunk, puszt\u00e1n v\u00e9gezz\u00fck a cikkek ford\u00edt\u00e1s\u00e1t, amilyen gyorsan lehet. Sajnos, egy technikai hiba miatt csak k\u00e9s\u00e9ssel tudtunk v\u00e1llalt k\u00f6telezetts\u00e9g\u00fcnknek eleget tenni. Az \u00faj\u00e9vi cikkek ford\u00edt\u00e1sai: Linux-termin\u00e1l haszn\u00e1lata f\u00e1jlkezel\u00f6k\u00e9nt: alapszint\u00fa, &hellip; <a href=\"http:\/\/pclos.janu.hu\/?page_id=3833\">Egy kattint\u00e1s ide a folytat\u00e1shoz&#8230;. <span class=\"meta-nav\">&rarr;<\/span><\/a><\/p>\n","protected":false},"author":1,"featured_media":0,"parent":3831,"menu_order":55,"comment_status":"closed","ping_status":"closed","template":"","meta":{"footnotes":""},"class_list":["post-3833","page","type-page","status-publish","hentry"],"_links":{"self":[{"href":"http:\/\/pclos.janu.hu\/index.php?rest_route=\/wp\/v2\/pages\/3833","targetHints":{"allow":["GET"]}}],"collection":[{"href":"http:\/\/pclos.janu.hu\/index.php?rest_route=\/wp\/v2\/pages"}],"about":[{"href":"http:\/\/pclos.janu.hu\/index.php?rest_route=\/wp\/v2\/types\/page"}],"author":[{"embeddable":true,"href":"http:\/\/pclos.janu.hu\/index.php?rest_route=\/wp\/v2\/users\/1"}],"replies":[{"embeddable":true,"href":"http:\/\/pclos.janu.hu\/index.php?rest_route=%2Fwp%2Fv2%2Fcomments&post=3833"}],"version-history":[{"count":2,"href":"http:\/\/pclos.janu.hu\/index.php?rest_route=\/wp\/v2\/pages\/3833\/revisions"}],"predecessor-version":[{"id":3851,"href":"http:\/\/pclos.janu.hu\/index.php?rest_route=\/wp\/v2\/pages\/3833\/revisions\/3851"}],"up":[{"embeddable":true,"href":"http:\/\/pclos.janu.hu\/index.php?rest_route=\/wp\/v2\/pages\/3831"}],"wp:attachment":[{"href":"http:\/\/pclos.janu.hu\/index.php?rest_route=%2Fwp%2Fv2%2Fmedia&parent=3833"}],"curies":[{"name":"wp","href":"https:\/\/api.w.org\/{rel}","templated":true}]}}