{"id":390,"date":"2013-10-24T08:34:35","date_gmt":"2013-10-24T06:34:35","guid":{"rendered":"http:\/\/pclos.janu.hu\/?page_id=390"},"modified":"2024-01-07T19:35:07","modified_gmt":"2024-01-07T18:35:07","slug":"junius","status":"publish","type":"page","link":"http:\/\/pclos.janu.hu\/?page_id=390","title":{"rendered":"j\u00fanius"},"content":{"rendered":"<p>M\u00e1rcius k\u00f6zep\u00e9n \u00faj motort tettek a web-oldalra. A Joomla kiss\u00e9 bonyolultnak t\u0171nt, \u00edgy \u00e1tt\u00e9rtek \u201eegyszer\u0171\u201d HTML haszn\u00e1latra. Ebben a h\u00f3napban m\u00e1r ez \u00e9rhet\u0151 el.<\/p>\n<p style=\"text-align: justify;\"><a title=\"HDD m\u00e1sik g\u00e9pbe\" href=\"http:\/\/pclos.janu.hu\/?p=391\" target=\"_blank\" rel=\"noopener\">Merevlemez \u00e1thelyez\u00e9se m\u00e1sik PC-be<\/a>\u00a0Ami elromolhat, az el is romlik. A cikk alapj\u00e1n hardver (de nem winchester-) hib\u00e1s g\u00e9pb\u0151l k\u00f6nnyen lehet a merevlemezt \u00e1thelyezni m\u00e1sik PC-be.<\/p>\n<p style=\"text-align: justify;\"><a href=\"http:\/\/pclos.janu.hu\/?p=4083\" target=\"_blank\" rel=\"noopener\">Linux p\u00e9nz\u00fcgyi alkalmaz\u00e1sok: Grisbi<\/a> A PC nem csak j\u00e1t\u00e9kra val\u00f3, komoly alkalmaz\u00e1sokat is lehet rajta futtatni. Ilyen lehet pl. ez a p\u00e9nz\u00fcgyi alkalmaz\u00e1s. Hogy kinek aj\u00e1nlan\u00e1nk? B\u00e1rkinek!<\/p>\n<p>&nbsp;<\/p>\n","protected":false},"excerpt":{"rendered":"<p>M\u00e1rcius k\u00f6zep\u00e9n \u00faj motort tettek a web-oldalra. A Joomla kiss\u00e9 bonyolultnak t\u0171nt, \u00edgy \u00e1tt\u00e9rtek \u201eegyszer\u0171\u201d HTML haszn\u00e1latra. Ebben a h\u00f3napban m\u00e1r ez \u00e9rhet\u0151 el. Merevlemez \u00e1thelyez\u00e9se m\u00e1sik PC-be\u00a0Ami elromolhat, az el is romlik. A cikk alapj\u00e1n hardver (de nem winchester-) &hellip; <a href=\"http:\/\/pclos.janu.hu\/?page_id=390\">Egy kattint\u00e1s ide a folytat\u00e1shoz&#8230;. <span class=\"meta-nav\">&rarr;<\/span><\/a><\/p>\n","protected":false},"author":1,"featured_media":0,"parent":330,"menu_order":30,"comment_status":"open","ping_status":"closed","template":"","meta":{"footnotes":""},"class_list":["post-390","page","type-page","status-publish","hentry"],"_links":{"self":[{"href":"http:\/\/pclos.janu.hu\/index.php?rest_route=\/wp\/v2\/pages\/390","targetHints":{"allow":["GET"]}}],"collection":[{"href":"http:\/\/pclos.janu.hu\/index.php?rest_route=\/wp\/v2\/pages"}],"about":[{"href":"http:\/\/pclos.janu.hu\/index.php?rest_route=\/wp\/v2\/types\/page"}],"author":[{"embeddable":true,"href":"http:\/\/pclos.janu.hu\/index.php?rest_route=\/wp\/v2\/users\/1"}],"replies":[{"embeddable":true,"href":"http:\/\/pclos.janu.hu\/index.php?rest_route=%2Fwp%2Fv2%2Fcomments&post=390"}],"version-history":[{"count":3,"href":"http:\/\/pclos.janu.hu\/index.php?rest_route=\/wp\/v2\/pages\/390\/revisions"}],"predecessor-version":[{"id":4085,"href":"http:\/\/pclos.janu.hu\/index.php?rest_route=\/wp\/v2\/pages\/390\/revisions\/4085"}],"up":[{"embeddable":true,"href":"http:\/\/pclos.janu.hu\/index.php?rest_route=\/wp\/v2\/pages\/330"}],"wp:attachment":[{"href":"http:\/\/pclos.janu.hu\/index.php?rest_route=%2Fwp%2Fv2%2Fmedia&parent=390"}],"curies":[{"name":"wp","href":"https:\/\/api.w.org\/{rel}","templated":true}]}}