{"id":4357,"date":"2024-12-05T03:53:38","date_gmt":"2024-12-05T02:53:38","guid":{"rendered":"http:\/\/pclos.janu.hu\/?page_id=4357"},"modified":"2024-12-05T03:53:38","modified_gmt":"2024-12-05T02:53:38","slug":"december","status":"publish","type":"page","link":"http:\/\/pclos.janu.hu\/?page_id=4357","title":{"rendered":"december"},"content":{"rendered":"<p>El\u00e9rkezett a 2024. \u00e9v utols\u00f3 <span style=\"color: #3366ff;\"><strong>PCLinuxOS Magazine<\/strong><\/span> sz\u00e1m\u00e1nak megjelen\u00e9se. \u00dagy hissz\u00fck, megint egy tartalmas \u00e9vet z\u00e1rtunk, sok \u00fajdons\u00e1ggal a disztrib\u00faci\u00f3ban &#8211; \u00e9s a <span style=\"color: #3366ff;\"><strong>Magazine<\/strong><\/span>-ban is!<br \/>\nM\u00e9g az utols\u00f3 sz\u00e1m is tartogat n\u00e9mi meglepet\u00e9st:<\/p>\n<p align=\"justify\"><a href=\"http:\/\/pclos.janu.hu\/?p=4358\" target=\"_blank\" rel=\"noopener\"><span style=\"font-size: large;\">Inkscape Tutorial: Inkscape 1.4 megjelent!<\/span><\/a> Az \u00faj v\u00e1ltozat r\u00f6vid ismertet\u00e9se, k\u00e9s\u0151bb j\u00f6nnek majd r\u00e9szletek is,<\/p>\n<p align=\"justify\"><a href=\"http:\/\/pclos.janu.hu\/?p=4364\" target=\"_blank\" rel=\"noopener\"><span style=\"font-size: large;\">Tip Top Tippek: \u00e9kezetes bet\u0171k Plasma\/Qt-ben<\/span><\/a>: egy lehets\u00e9ges megold\u00e1s az angol ABC-ben nem szerepl\u0151 bet\u0171k bevitel\u00e9re,<\/p>\n<p align=\"justify\"><a href=\"http:\/\/pclos.janu.hu\/?p=4370\" target=\"_blank\" rel=\"noopener\"><span style=\"font-size: large;\">A Typst Compiler helyi telep\u00edt\u00e9se PCLinuxOS-ra<\/span><\/a>: a helyi alkalmaz\u00e1s felt\u00e9teleinek biztos\u00edt\u00e1sa.<\/p>\n","protected":false},"excerpt":{"rendered":"<p>El\u00e9rkezett a 2024. \u00e9v utols\u00f3 PCLinuxOS Magazine sz\u00e1m\u00e1nak megjelen\u00e9se. \u00dagy hissz\u00fck, megint egy tartalmas \u00e9vet z\u00e1rtunk, sok \u00fajdons\u00e1ggal a disztrib\u00faci\u00f3ban &#8211; \u00e9s a Magazine-ban is! M\u00e9g az utols\u00f3 sz\u00e1m is tartogat n\u00e9mi meglepet\u00e9st: Inkscape Tutorial: Inkscape 1.4 megjelent! Az \u00faj &hellip; <a href=\"http:\/\/pclos.janu.hu\/?page_id=4357\">Egy kattint\u00e1s ide a folytat\u00e1shoz&#8230;. <span class=\"meta-nav\">&rarr;<\/span><\/a><\/p>\n","protected":false},"author":1,"featured_media":0,"parent":4079,"menu_order":0,"comment_status":"closed","ping_status":"closed","template":"","meta":{"footnotes":""},"class_list":["post-4357","page","type-page","status-publish","hentry"],"_links":{"self":[{"href":"http:\/\/pclos.janu.hu\/index.php?rest_route=\/wp\/v2\/pages\/4357","targetHints":{"allow":["GET"]}}],"collection":[{"href":"http:\/\/pclos.janu.hu\/index.php?rest_route=\/wp\/v2\/pages"}],"about":[{"href":"http:\/\/pclos.janu.hu\/index.php?rest_route=\/wp\/v2\/types\/page"}],"author":[{"embeddable":true,"href":"http:\/\/pclos.janu.hu\/index.php?rest_route=\/wp\/v2\/users\/1"}],"replies":[{"embeddable":true,"href":"http:\/\/pclos.janu.hu\/index.php?rest_route=%2Fwp%2Fv2%2Fcomments&post=4357"}],"version-history":[{"count":1,"href":"http:\/\/pclos.janu.hu\/index.php?rest_route=\/wp\/v2\/pages\/4357\/revisions"}],"predecessor-version":[{"id":4374,"href":"http:\/\/pclos.janu.hu\/index.php?rest_route=\/wp\/v2\/pages\/4357\/revisions\/4374"}],"up":[{"embeddable":true,"href":"http:\/\/pclos.janu.hu\/index.php?rest_route=\/wp\/v2\/pages\/4079"}],"wp:attachment":[{"href":"http:\/\/pclos.janu.hu\/index.php?rest_route=%2Fwp%2Fv2%2Fmedia&parent=4357"}],"curies":[{"name":"wp","href":"https:\/\/api.w.org\/{rel}","templated":true}]}}