{"id":4419,"date":"2025-03-07T23:24:44","date_gmt":"2025-03-07T22:24:44","guid":{"rendered":"http:\/\/pclos.janu.hu\/?page_id=4419"},"modified":"2025-03-07T23:24:44","modified_gmt":"2025-03-07T22:24:44","slug":"marcius","status":"publish","type":"page","link":"http:\/\/pclos.janu.hu\/?page_id=4419","title":{"rendered":"m\u00e1rcius"},"content":{"rendered":"<p style=\"text-align: justify;\">M\u00e1rcius a tavasz h\u00edrn\u00f6ke. Nem is c\u00e1fol erre a c\u00edmre, de a t\u00e9l m\u00e9g vissza-visszak\u00f6sz\u00f6n. De sebaj, a h\u0171v\u00f6sebb (hogy ne mondjunk hidegebbet) napokon j\u00f3 lesz a bef\u0171t\u00f6tt szob\u00e1ban az e havi \u00fajdons\u00e1gokat olvasni:<\/p>\n<p align=\"justify\"><a href=\"http:\/\/pclos.janu.hu\/?p=4420\" target=\"_blank\" rel=\"noopener\"><span style=\"font-size: medium;\">Repo Mustra: a Grsync k\u00f6zelr\u0151l<\/span><\/a>: grafikus fel\u00fclet sok plusszal az <em>rsync <\/em>k\u00e9nyelmes haszn\u00e1lat\u00e1hoz,<\/p>\n<p align=\"justify\"><a href=\"http:\/\/pclos.janu.hu\/?p=4423\" target=\"_blank\" rel=\"noopener\"><span style=\"font-size: medium;\">Bash-szkript programind\u00edt\u00f3 a panel \u00e9rtes\u00edt\u00e9si r\u00e9sz\u00e9n\u00e9l<\/span><\/a>: <span style=\"color: #993300;\"><strong>parnote<\/strong><\/span> villantott egy programind\u00edt\u00f3 men\u00fct \u2013 egy bash szkriptet,<\/p>\n<p align=\"justify\"><a href=\"http:\/\/pclos.janu.hu\/?p=4426\" target=\"_blank\" rel=\"noopener\"><span style=\"font-size: medium;\">Wiki Pick: a GRUB boot men\u00fcje bet\u0171m\u00e9ret\u00e9nek v\u00e1lt\u00e1sa<\/span><\/a>: Ha t\u00fal kicsik a grub men\u00fci&#8230;<\/p>\n<p align=\"justify\"><a href=\"http:\/\/pclos.janu.hu\/?p=4430\" target=\"_blank\" rel=\"noopener\"><span style=\"font-size: medium;\">GIMP oktat\u00f3: a Ketrec \u00e1talak\u00edt\u00e1s eszk\u00f6z haszn\u00e1lata<\/span><\/a>: <span style=\"color: #008080;\"><strong>Meemaw<\/strong><\/span> \u00fajabb tr\u00fckk\u00f6t mutat be.<\/p>\n","protected":false},"excerpt":{"rendered":"<p>M\u00e1rcius a tavasz h\u00edrn\u00f6ke. Nem is c\u00e1fol erre a c\u00edmre, de a t\u00e9l m\u00e9g vissza-visszak\u00f6sz\u00f6n. De sebaj, a h\u0171v\u00f6sebb (hogy ne mondjunk hidegebbet) napokon j\u00f3 lesz a bef\u0171t\u00f6tt szob\u00e1ban az e havi \u00fajdons\u00e1gokat olvasni: Repo Mustra: a Grsync k\u00f6zelr\u0151l: grafikus &hellip; <a href=\"http:\/\/pclos.janu.hu\/?page_id=4419\">Egy kattint\u00e1s ide a folytat\u00e1shoz&#8230;. <span class=\"meta-nav\">&rarr;<\/span><\/a><\/p>\n","protected":false},"author":1,"featured_media":0,"parent":4377,"menu_order":45,"comment_status":"closed","ping_status":"closed","template":"","meta":{"footnotes":""},"class_list":["post-4419","page","type-page","status-publish","hentry"],"_links":{"self":[{"href":"http:\/\/pclos.janu.hu\/index.php?rest_route=\/wp\/v2\/pages\/4419","targetHints":{"allow":["GET"]}}],"collection":[{"href":"http:\/\/pclos.janu.hu\/index.php?rest_route=\/wp\/v2\/pages"}],"about":[{"href":"http:\/\/pclos.janu.hu\/index.php?rest_route=\/wp\/v2\/types\/page"}],"author":[{"embeddable":true,"href":"http:\/\/pclos.janu.hu\/index.php?rest_route=\/wp\/v2\/users\/1"}],"replies":[{"embeddable":true,"href":"http:\/\/pclos.janu.hu\/index.php?rest_route=%2Fwp%2Fv2%2Fcomments&post=4419"}],"version-history":[{"count":1,"href":"http:\/\/pclos.janu.hu\/index.php?rest_route=\/wp\/v2\/pages\/4419\/revisions"}],"predecessor-version":[{"id":4433,"href":"http:\/\/pclos.janu.hu\/index.php?rest_route=\/wp\/v2\/pages\/4419\/revisions\/4433"}],"up":[{"embeddable":true,"href":"http:\/\/pclos.janu.hu\/index.php?rest_route=\/wp\/v2\/pages\/4377"}],"wp:attachment":[{"href":"http:\/\/pclos.janu.hu\/index.php?rest_route=%2Fwp%2Fv2%2Fmedia&parent=4419"}],"curies":[{"name":"wp","href":"https:\/\/api.w.org\/{rel}","templated":true}]}}