{"id":449,"date":"2013-10-25T07:23:34","date_gmt":"2013-10-25T05:23:34","guid":{"rendered":"http:\/\/pclos.janu.hu\/?page_id=449"},"modified":"2013-10-25T09:33:08","modified_gmt":"2013-10-25T07:33:08","slug":"oktober","status":"publish","type":"page","link":"http:\/\/pclos.janu.hu\/?page_id=449","title":{"rendered":"okt\u00f3ber"},"content":{"rendered":"<p>A f\u0151szerkeszt\u0151 meg\u00e1llap\u00edt\u00e1sa: Okt\u00f3ber a Linux nagy h\u00f3napja. A vez\u00e9rcikk (angolul): <a title=\"Vez\u00e9rcikk\" href=\"http:\/\/pclosmag.com\/html\/Issues\/201210\/editorial.html\" target=\"_blank\">Welcome From The Chief Editor<\/a><\/p>\n<p><a title=\"aaphoto\" href=\"http:\/\/pclos.janu.hu\/?p=450\" target=\"_blank\">Csillagos 5-\u00f6s fot\u00f3t aaphoto-val<\/a>\u00a0Magyar fejleszt\u00e9s\u0171, nagy teljes\u00edtm\u00e9ny\u0171 f\u00e9nyk\u00e9p manipul\u00e1l\u00f3 program. A cikk \u00f6sszegz\u00e9s, az eredeti \u00edr\u00e1s: <a title=\"aaphoto\" href=\"http:\/\/pclosmag.com\/html\/Issues\/201210\/page05.html\" target=\"_blank\">aaphoto Makes Your Photos A+<\/a><\/p>\n<p>K\u00e9sz\u00edts saj\u00e1t KDE szerv\u00edzmen\u00fct<strong><span style=\"color: #008000;\"> parnote<\/span><\/strong> az <em>aaphoto<\/em> p\u00e9ld\u00e1j\u00e1val bemutatja, hogyan lehet saj\u00e1t szerv\u00edz men\u00fct k\u00e9sz\u00edteni.<\/p>\n<p>&nbsp;<\/p>\n","protected":false},"excerpt":{"rendered":"<p>A f\u0151szerkeszt\u0151 meg\u00e1llap\u00edt\u00e1sa: Okt\u00f3ber a Linux nagy h\u00f3napja. A vez\u00e9rcikk (angolul): Welcome From The Chief Editor Csillagos 5-\u00f6s fot\u00f3t aaphoto-val\u00a0Magyar fejleszt\u00e9s\u0171, nagy teljes\u00edtm\u00e9ny\u0171 f\u00e9nyk\u00e9p manipul\u00e1l\u00f3 program. A cikk \u00f6sszegz\u00e9s, az eredeti \u00edr\u00e1s: aaphoto Makes Your Photos A+ K\u00e9sz\u00edts saj\u00e1t KDE &hellip; <a href=\"http:\/\/pclos.janu.hu\/?page_id=449\">Egy kattint\u00e1s ide a folytat\u00e1shoz&#8230;. <span class=\"meta-nav\">&rarr;<\/span><\/a><\/p>\n","protected":false},"author":1,"featured_media":0,"parent":330,"menu_order":10,"comment_status":"open","ping_status":"closed","template":"","meta":{"footnotes":""},"class_list":["post-449","page","type-page","status-publish","hentry"],"_links":{"self":[{"href":"http:\/\/pclos.janu.hu\/index.php?rest_route=\/wp\/v2\/pages\/449","targetHints":{"allow":["GET"]}}],"collection":[{"href":"http:\/\/pclos.janu.hu\/index.php?rest_route=\/wp\/v2\/pages"}],"about":[{"href":"http:\/\/pclos.janu.hu\/index.php?rest_route=\/wp\/v2\/types\/page"}],"author":[{"embeddable":true,"href":"http:\/\/pclos.janu.hu\/index.php?rest_route=\/wp\/v2\/users\/1"}],"replies":[{"embeddable":true,"href":"http:\/\/pclos.janu.hu\/index.php?rest_route=%2Fwp%2Fv2%2Fcomments&post=449"}],"version-history":[{"count":4,"href":"http:\/\/pclos.janu.hu\/index.php?rest_route=\/wp\/v2\/pages\/449\/revisions"}],"predecessor-version":[{"id":477,"href":"http:\/\/pclos.janu.hu\/index.php?rest_route=\/wp\/v2\/pages\/449\/revisions\/477"}],"up":[{"embeddable":true,"href":"http:\/\/pclos.janu.hu\/index.php?rest_route=\/wp\/v2\/pages\/330"}],"wp:attachment":[{"href":"http:\/\/pclos.janu.hu\/index.php?rest_route=%2Fwp%2Fv2%2Fmedia&parent=449"}],"curies":[{"name":"wp","href":"https:\/\/api.w.org\/{rel}","templated":true}]}}