{"id":4583,"date":"2025-10-12T20:47:42","date_gmt":"2025-10-12T18:47:42","guid":{"rendered":"http:\/\/pclos.janu.hu\/?page_id=4583"},"modified":"2025-10-12T20:50:36","modified_gmt":"2025-10-12T18:50:36","slug":"oktober","status":"publish","type":"page","link":"http:\/\/pclos.janu.hu\/?page_id=4583","title":{"rendered":"okt\u00f3ber"},"content":{"rendered":"<p style=\"text-align: justify;\">Benne vagyunk m\u00e1r az utols\u00f3 negyed\u00e9vben. A borong\u00f3s, h\u0171v\u00f6s (nevezz\u00fck ink\u00e1bb nev\u00e9n: hideg) id\u0151 ink\u00e1bb a lak\u00e1sban marasztalja a legelsz\u00e1ntabbakat is. J\u00f3 alkalom ez a <span style=\"color: #0000ff;\"><strong>PCLinuxOS Magazin<\/strong><\/span> cikkeinek olvas\u00e1s\u00e1ra:<\/p>\n<h3 class=\"western\" style=\"text-align: justify;\" align=\"justify\"><a href=\"http:\/\/pclos.janu.hu\/?p=4584\" target=\"_blank\" rel=\"noopener\"><span style=\"font-size: large;\">DNF csomagkezel\u0151 \u2013 \u00e1ttekint\u00e9s<\/span><\/a>: \u00faj csomagkezel\u0151 a rendszerben,<\/h3>\n<p style=\"text-align: justify;\" align=\"justify\"><a href=\"http:\/\/pclos.janu.hu\/?p=4587\" target=\"_blank\" rel=\"noopener\"><span style=\"font-size: large;\">Inkscape oktat\u00f3: nyilak!<\/span><\/a>: a m\u00falt havi <em>GIMP<\/em>-cikk \u00e1t\u00fcltet\u00e9se <em>Inkscape<\/em>-re,<\/p>\n<p style=\"text-align: justify;\" align=\"justify\"><a href=\"http:\/\/pclos.janu.hu\/?p=4590\" target=\"_blank\" rel=\"noopener\"><span style=\"font-size: large;\">Tip Top Tips: a Resynthesizer kieg\u00e9sz\u00edt\u0151 telep\u00edt\u00e9se GIMP3-hoz<\/span><\/a>: hasznos tipp a <em>GIMP<\/em> lehet\u0151s\u00e9g\u00e9nek b\u0151v\u00edt\u00e9s\u00e9re.<\/p>\n<p style=\"text-align: justify;\" align=\"justify\"><a href=\"http:\/\/pclos.janu.hu\/?p=4593\" target=\"_blank\" rel=\"noopener\"><span style=\"font-size: large;\">Wiki Pick: a \/home k\u00f6nyvt\u00e1rad ment\u00e9se<\/span><\/a>: egy j\u00f3 ment\u00e9si megold\u00e1s.<\/p>\n","protected":false},"excerpt":{"rendered":"<p>Benne vagyunk m\u00e1r az utols\u00f3 negyed\u00e9vben. A borong\u00f3s, h\u0171v\u00f6s (nevezz\u00fck ink\u00e1bb nev\u00e9n: hideg) id\u0151 ink\u00e1bb a lak\u00e1sban marasztalja a legelsz\u00e1ntabbakat is. J\u00f3 alkalom ez a PCLinuxOS Magazin cikkeinek olvas\u00e1s\u00e1ra: DNF csomagkezel\u0151 \u2013 \u00e1ttekint\u00e9s: \u00faj csomagkezel\u0151 a rendszerben, Inkscape oktat\u00f3: nyilak!: &hellip; <a href=\"http:\/\/pclos.janu.hu\/?page_id=4583\">Egy kattint\u00e1s ide a folytat\u00e1shoz&#8230;. <span class=\"meta-nav\">&rarr;<\/span><\/a><\/p>\n","protected":false},"author":1,"featured_media":0,"parent":4377,"menu_order":10,"comment_status":"closed","ping_status":"closed","template":"","meta":{"footnotes":""},"class_list":["post-4583","page","type-page","status-publish","hentry"],"_links":{"self":[{"href":"http:\/\/pclos.janu.hu\/index.php?rest_route=\/wp\/v2\/pages\/4583","targetHints":{"allow":["GET"]}}],"collection":[{"href":"http:\/\/pclos.janu.hu\/index.php?rest_route=\/wp\/v2\/pages"}],"about":[{"href":"http:\/\/pclos.janu.hu\/index.php?rest_route=\/wp\/v2\/types\/page"}],"author":[{"embeddable":true,"href":"http:\/\/pclos.janu.hu\/index.php?rest_route=\/wp\/v2\/users\/1"}],"replies":[{"embeddable":true,"href":"http:\/\/pclos.janu.hu\/index.php?rest_route=%2Fwp%2Fv2%2Fcomments&post=4583"}],"version-history":[{"count":3,"href":"http:\/\/pclos.janu.hu\/index.php?rest_route=\/wp\/v2\/pages\/4583\/revisions"}],"predecessor-version":[{"id":4598,"href":"http:\/\/pclos.janu.hu\/index.php?rest_route=\/wp\/v2\/pages\/4583\/revisions\/4598"}],"up":[{"embeddable":true,"href":"http:\/\/pclos.janu.hu\/index.php?rest_route=\/wp\/v2\/pages\/4377"}],"wp:attachment":[{"href":"http:\/\/pclos.janu.hu\/index.php?rest_route=%2Fwp%2Fv2%2Fmedia&parent=4583"}],"curies":[{"name":"wp","href":"https:\/\/api.w.org\/{rel}","templated":true}]}}