{"id":4600,"date":"2025-11-06T11:26:47","date_gmt":"2025-11-06T10:26:47","guid":{"rendered":"http:\/\/pclos.janu.hu\/?page_id=4600"},"modified":"2025-11-06T11:26:47","modified_gmt":"2025-11-06T10:26:47","slug":"november","status":"publish","type":"page","link":"http:\/\/pclos.janu.hu\/?page_id=4600","title":{"rendered":"november"},"content":{"rendered":"<p style=\"text-align: justify;\">B\u00e1r m\u00e9g s\u00fct ind\u0151nk\u00e9.nt a na\u0151ocska, de a h\u0151m\u00e9rs\u00e9klet m\u00e1r igencsak nyaldossa a 0 fokot: hamarosan itt a t\u00e9l&#8230; A PCLinuxOS Magazin e havi sz\u00e1ma\u00a0 \u2013 szok\u00e1sos m\u00f3don \u2013 \u00e9rdekes cikkekkel jelentkezik. Ebb\u0151l most h\u00e1rmat ismertet\u00fcnk \u00e9s k\u00f6z\u00f6lj\u00fck a ford\u00edt\u00e1s\u00e1t.<\/p>\n<p style=\"text-align: justify;\">Szrekeszt\u0151s\u00e9g\u00fcnk \u00fagy d\u00f6nt\u00f6tt, hogy csak a \u201er\u00f6videbb\u201d sikkek ford\u00edt\u00e1s\u00e1t adjuk itt k\u00f6zre, a hosszabb, terjeng\u0151sebb cikkeknek csak kivonat\u00e1t k\u00f6z\u00f6lj\u00fck a <a href=\"http:\/\/linuxempre.net\" target=\"_blank\" rel=\"noopener\">linuxempire.net<\/a>-en (terjedelmi okokb\u00f3l \u00e9s az \u00e9sszer\u0171s\u00e9get k\u00f6vetve). Jelenleg a sezm\u00e9lyes adatok v\u00e9delm\u00e9vel kapcsolatos cikkr\u0151l tervezz\u00fcnk kivonatot k\u00f6zreadni.<\/p>\n<p><a href=\"http:\/\/pclos.janu.hu\/?p=4601\">GIMP oktat\u00f3: aranyfest\u00e9s k\u00e9sz\u00edt\u0151 effektus<\/a>: aranyf\u00fcst-szer\u0171 megjelen\u00e9s el\u0151\u00e1ll\u00edt\u00e1sa,<\/p>\n<p><a href=\"http:\/\/pclos.janu.hu\/?p=4604\" target=\"_blank\" rel=\"noopener\">Wiki Pick: ment\u00e9s \u00e9s helyre\u00e1ll\u00edt\u00e1s Timeshift-tel<\/a>: rendszerment\u00e9sre \u00e9s &#8211; visszat\u00f6lt\u00e9sre alkalmas \u201emindenes\u201d,<\/p>\n<p><a href=\"http:\/\/pclos.janu.hu\/?p=4608\" target=\"_blank\" rel=\"noopener\">Tip Top Tips: az IP-c\u00edmem<\/a>: saj\u00e1t IP c\u00edm meghat\u00e1roz\u00e1sa egyszer\u0171en.<\/p>\n","protected":false},"excerpt":{"rendered":"<p>B\u00e1r m\u00e9g s\u00fct ind\u0151nk\u00e9.nt a na\u0151ocska, de a h\u0151m\u00e9rs\u00e9klet m\u00e1r igencsak nyaldossa a 0 fokot: hamarosan itt a t\u00e9l&#8230; A PCLinuxOS Magazin e havi sz\u00e1ma\u00a0 \u2013 szok\u00e1sos m\u00f3don \u2013 \u00e9rdekes cikkekkel jelentkezik. Ebb\u0151l most h\u00e1rmat ismertet\u00fcnk \u00e9s k\u00f6z\u00f6lj\u00fck a ford\u00edt\u00e1s\u00e1t. &hellip; <a href=\"http:\/\/pclos.janu.hu\/?page_id=4600\">Egy kattint\u00e1s ide a folytat\u00e1shoz&#8230;. <span class=\"meta-nav\">&rarr;<\/span><\/a><\/p>\n","protected":false},"author":1,"featured_media":0,"parent":4377,"menu_order":5,"comment_status":"closed","ping_status":"closed","template":"","meta":{"footnotes":""},"class_list":["post-4600","page","type-page","status-publish","hentry"],"_links":{"self":[{"href":"http:\/\/pclos.janu.hu\/index.php?rest_route=\/wp\/v2\/pages\/4600","targetHints":{"allow":["GET"]}}],"collection":[{"href":"http:\/\/pclos.janu.hu\/index.php?rest_route=\/wp\/v2\/pages"}],"about":[{"href":"http:\/\/pclos.janu.hu\/index.php?rest_route=\/wp\/v2\/types\/page"}],"author":[{"embeddable":true,"href":"http:\/\/pclos.janu.hu\/index.php?rest_route=\/wp\/v2\/users\/1"}],"replies":[{"embeddable":true,"href":"http:\/\/pclos.janu.hu\/index.php?rest_route=%2Fwp%2Fv2%2Fcomments&post=4600"}],"version-history":[{"count":1,"href":"http:\/\/pclos.janu.hu\/index.php?rest_route=\/wp\/v2\/pages\/4600\/revisions"}],"predecessor-version":[{"id":4611,"href":"http:\/\/pclos.janu.hu\/index.php?rest_route=\/wp\/v2\/pages\/4600\/revisions\/4611"}],"up":[{"embeddable":true,"href":"http:\/\/pclos.janu.hu\/index.php?rest_route=\/wp\/v2\/pages\/4377"}],"wp:attachment":[{"href":"http:\/\/pclos.janu.hu\/index.php?rest_route=%2Fwp%2Fv2%2Fmedia&parent=4600"}],"curies":[{"name":"wp","href":"https:\/\/api.w.org\/{rel}","templated":true}]}}