{"id":601,"date":"2013-10-27T10:23:26","date_gmt":"2013-10-27T09:23:26","guid":{"rendered":"http:\/\/pclos.janu.hu\/?page_id=601"},"modified":"2013-11-17T09:03:52","modified_gmt":"2013-11-17T08:03:52","slug":"junius","status":"publish","type":"page","link":"http:\/\/pclos.janu.hu\/?page_id=601","title":{"rendered":"j\u00fanius"},"content":{"rendered":"<p><a title=\"Windows migr\u00e1l\u00e1s: termin\u00e1l alapm\u0171veletek\" href=\"http:\/\/pclos.janu.hu\/?p=603\" target=\"_blank\">Windows migr\u00e1l\u00e1s: termin\u00e1l alapm\u0171veletek<\/a>\u00a0n\u00e9h\u00e1ny alapm\u0171velet (ls, enged\u00e9lyek ad\u00e1sa, megvon\u00e1sa, cat) ismertet\u00e9se.<\/p>\n<p><a href=\" http:\/\/pclos.janu.hu\/?p=606\" target=\"_blank\">Windows migr\u00e1l\u00e1s: n\u00e9h\u00e1ny alapparancs<\/a>\u00a0a termin\u00e1lban v\u00e9gezhet\u0151 m\u0171veletek sokas\u00e1g\u00e1b\u00f3l n\u00e9h\u00e1ny, k\u00f6z\u00e9rdekl\u0151d\u00e9sre sz\u00e1mot tart\u00f3 utas\u00edt\u00e1st ismertet a cikk.<\/p>\n<p><a href=\"http:\/\/pclos.janu.hu\/?p=610\" target=\"_blank\">Windows migr\u00e1l\u00e1s: forr\u00e1sok \u00e9s \u00f6sszefoglal\u00f3<\/a>\u00a0M\u00e9g sok olyan hely van az interneten, ahol inform\u00e1ci\u00f3kat kereshetsz, seg\u00edts\u00e9get kaphatsz&#8230;<\/p>\n","protected":false},"excerpt":{"rendered":"<p>Windows migr\u00e1l\u00e1s: termin\u00e1l alapm\u0171veletek\u00a0n\u00e9h\u00e1ny alapm\u0171velet (ls, enged\u00e9lyek ad\u00e1sa, megvon\u00e1sa, cat) ismertet\u00e9se. Windows migr\u00e1l\u00e1s: n\u00e9h\u00e1ny alapparancs\u00a0a termin\u00e1lban v\u00e9gezhet\u0151 m\u0171veletek sokas\u00e1g\u00e1b\u00f3l n\u00e9h\u00e1ny, k\u00f6z\u00e9rdekl\u0151d\u00e9sre sz\u00e1mot tart\u00f3 utas\u00edt\u00e1st ismertet a cikk. Windows migr\u00e1l\u00e1s: forr\u00e1sok \u00e9s \u00f6sszefoglal\u00f3\u00a0M\u00e9g sok olyan hely van az interneten, ahol inform\u00e1ci\u00f3kat &hellip; <a href=\"http:\/\/pclos.janu.hu\/?page_id=601\">Egy kattint\u00e1s ide a folytat\u00e1shoz&#8230;. <span class=\"meta-nav\">&rarr;<\/span><\/a><\/p>\n","protected":false},"author":1,"featured_media":0,"parent":491,"menu_order":30,"comment_status":"open","ping_status":"closed","template":"","meta":{"footnotes":""},"class_list":["post-601","page","type-page","status-publish","hentry"],"_links":{"self":[{"href":"http:\/\/pclos.janu.hu\/index.php?rest_route=\/wp\/v2\/pages\/601","targetHints":{"allow":["GET"]}}],"collection":[{"href":"http:\/\/pclos.janu.hu\/index.php?rest_route=\/wp\/v2\/pages"}],"about":[{"href":"http:\/\/pclos.janu.hu\/index.php?rest_route=\/wp\/v2\/types\/page"}],"author":[{"embeddable":true,"href":"http:\/\/pclos.janu.hu\/index.php?rest_route=\/wp\/v2\/users\/1"}],"replies":[{"embeddable":true,"href":"http:\/\/pclos.janu.hu\/index.php?rest_route=%2Fwp%2Fv2%2Fcomments&post=601"}],"version-history":[{"count":5,"href":"http:\/\/pclos.janu.hu\/index.php?rest_route=\/wp\/v2\/pages\/601\/revisions"}],"predecessor-version":[{"id":773,"href":"http:\/\/pclos.janu.hu\/index.php?rest_route=\/wp\/v2\/pages\/601\/revisions\/773"}],"up":[{"embeddable":true,"href":"http:\/\/pclos.janu.hu\/index.php?rest_route=\/wp\/v2\/pages\/491"}],"wp:attachment":[{"href":"http:\/\/pclos.janu.hu\/index.php?rest_route=%2Fwp%2Fv2%2Fmedia&parent=601"}],"curies":[{"name":"wp","href":"https:\/\/api.w.org\/{rel}","templated":true}]}}