{"id":680,"date":"2013-11-04T09:36:29","date_gmt":"2013-11-04T08:36:29","guid":{"rendered":"http:\/\/pclos.janu.hu\/?page_id=680"},"modified":"2013-12-31T18:50:44","modified_gmt":"2013-12-31T17:50:44","slug":"julius","status":"publish","type":"page","link":"http:\/\/pclos.janu.hu\/?page_id=680","title":{"rendered":"j\u00falius"},"content":{"rendered":"<p><a href=\"http:\/\/pclos.janu.hu\/?p=850\" target=\"_blank\">Linux vs. Windows<\/a> Humorosnak sz\u00e1nt \u00edr\u00e1s a k\u00e9t rendszer \u201eszolg\u00e1ltat\u00e1sainak\u201d \u00f6sszehasonl\u00edt\u00e1s\u00e1ra.<\/p>\n<p><a href=\" http:\/\/pclos.janu.hu\/?p=616\" target=\"_blank\">LibreOffice tippek \u00e9s tr\u00fckk\u00f6k 1. r\u00e9sz<\/a>\u00a0A most indul\u00f3 sorozat a LibreOffice haszn\u00e1lat\u00e1hoz tartalmaz hasznos ismereteket. Nem csak\u00a0<strong>Linux<\/strong>osoknak.<\/p>\n<p><a href=\"http:\/\/pclos.janu.hu\/?p=621\" target=\"_blank\">dmidecode: l\u00e1sd, hogy a BIOS mit akar mondani<\/a>. T\u00fckr\u00f6m-t\u00fckr\u00f6m, mondd meg n\u00e9kem, mi van az \u00e9n g\u00e9pecsk\u00e9mben?<\/p>\n<p><a href=\"http:\/\/pclos.janu.hu\/?p=682\" target=\"_blank\">Gmail-fi\u00f3k ment\u00e9se getmail-lel<\/a>. Ment\u00e9s, ment\u00e9s, ment\u00e9s! Hogyan ments\u00fck el a gmail-fi\u00f3kunkban l\u00e9v\u0151 leveleket?<\/p>\n<p><a href=\"http:\/\/pclos.janu.hu\/?p=699\" target=\"_blank\">Egyszer\u00fc HTTPD webszerver futtat\u00e1sa<\/a>. Minek telep\u00edteni egy komplett web szervert, ha csak tesztelni akarsz?<\/p>\n","protected":false},"excerpt":{"rendered":"<p>Linux vs. Windows Humorosnak sz\u00e1nt \u00edr\u00e1s a k\u00e9t rendszer \u201eszolg\u00e1ltat\u00e1sainak\u201d \u00f6sszehasonl\u00edt\u00e1s\u00e1ra. LibreOffice tippek \u00e9s tr\u00fckk\u00f6k 1. r\u00e9sz\u00a0A most indul\u00f3 sorozat a LibreOffice haszn\u00e1lat\u00e1hoz tartalmaz hasznos ismereteket. Nem csak\u00a0Linuxosoknak. dmidecode: l\u00e1sd, hogy a BIOS mit akar mondani. T\u00fckr\u00f6m-t\u00fckr\u00f6m, mondd meg n\u00e9kem, &hellip; <a href=\"http:\/\/pclos.janu.hu\/?page_id=680\">Egy kattint\u00e1s ide a folytat\u00e1shoz&#8230;. <span class=\"meta-nav\">&rarr;<\/span><\/a><\/p>\n","protected":false},"author":1,"featured_media":0,"parent":491,"menu_order":25,"comment_status":"open","ping_status":"closed","template":"","meta":{"footnotes":""},"class_list":["post-680","page","type-page","status-publish","hentry"],"_links":{"self":[{"href":"http:\/\/pclos.janu.hu\/index.php?rest_route=\/wp\/v2\/pages\/680","targetHints":{"allow":["GET"]}}],"collection":[{"href":"http:\/\/pclos.janu.hu\/index.php?rest_route=\/wp\/v2\/pages"}],"about":[{"href":"http:\/\/pclos.janu.hu\/index.php?rest_route=\/wp\/v2\/types\/page"}],"author":[{"embeddable":true,"href":"http:\/\/pclos.janu.hu\/index.php?rest_route=\/wp\/v2\/users\/1"}],"replies":[{"embeddable":true,"href":"http:\/\/pclos.janu.hu\/index.php?rest_route=%2Fwp%2Fv2%2Fcomments&post=680"}],"version-history":[{"count":5,"href":"http:\/\/pclos.janu.hu\/index.php?rest_route=\/wp\/v2\/pages\/680\/revisions"}],"predecessor-version":[{"id":856,"href":"http:\/\/pclos.janu.hu\/index.php?rest_route=\/wp\/v2\/pages\/680\/revisions\/856"}],"up":[{"embeddable":true,"href":"http:\/\/pclos.janu.hu\/index.php?rest_route=\/wp\/v2\/pages\/491"}],"wp:attachment":[{"href":"http:\/\/pclos.janu.hu\/index.php?rest_route=%2Fwp%2Fv2%2Fmedia&parent=680"}],"curies":[{"name":"wp","href":"https:\/\/api.w.org\/{rel}","templated":true}]}}