{"id":721,"date":"2013-11-14T10:00:26","date_gmt":"2013-11-14T09:00:26","guid":{"rendered":"http:\/\/pclos.janu.hu\/?page_id=721"},"modified":"2013-11-17T09:06:54","modified_gmt":"2013-11-17T08:06:54","slug":"oktober","status":"publish","type":"page","link":"http:\/\/pclos.janu.hu\/?page_id=721","title":{"rendered":"okt\u00f3ber"},"content":{"rendered":"<p>2013. okt\u00f3ber 24-\u00e9n 10 \u00e9ves a <span style=\"color: #008080;\"><strong>PCLinuxOS<\/strong><\/span>!<\/p>\n<p><a href=\"http:\/\/pclos.janu.hu\/?p=726\" target=\"_blank\">LibreOffice tippek \u00e9s tr\u00fckk\u00f6k &#8211; 4. r\u00e9sz<\/a> Bemutat\u00f3k\u00e9sz\u00edt\u00e9s k\u00f6nnyen, gyorsan:\u00a0<em>Impress<\/em>.<\/p>\n<p><a href=\"http:\/\/pclos.janu.hu\/?p=723\" target=\"_blank\">Mi\u00e9rt fontos a megismerkedni a parancssorral?<\/a>\u00a0<span style=\"color: #008000;\"><strong>parnote<\/strong><\/span> le\u00edr egy esetet, ami meger\u0151s\u00edtette meggy\u0151z\u0151d\u00e9s\u00e9t: ismerni kell a parancssort (is)!<\/p>\n<p><a href=\"http:\/\/pclos.janu.hu\/?p=739\" target=\"_blank\">LXDE 2013 teljes \u00e9rt\u00e9k\u00fc OpenBox men\u00fcvel<\/a>\u00a0Nem csak KDE van a vil\u00e1gon \ud83d\ude42 J\u00f3l haszn\u00e1lhat\u00f3 tipp a men\u00fck kiterjeszt\u00e9s\u00e9hez &#8211;\u00a0<em>LXDE<\/em>\u00a0alatt.<\/p>\n<p><a href=\"http:\/\/pclos.janu.hu\/?p=734\" target=\"_blank\">Web-szerver telep\u00edt\u00e9se: XAMPP vs task-lamp<\/a>\u00a0A forr\u00e1sb\u00f3l telep\u00edthet\u0151 XAMPP \u00e9s a PCLinuxOS-ban tal\u00e1lhat\u00f3 task-lamp \u00f6sszehasonl\u00edt\u00e1sa.<\/p>\n","protected":false},"excerpt":{"rendered":"<p>2013. okt\u00f3ber 24-\u00e9n 10 \u00e9ves a PCLinuxOS! LibreOffice tippek \u00e9s tr\u00fckk\u00f6k &#8211; 4. r\u00e9sz Bemutat\u00f3k\u00e9sz\u00edt\u00e9s k\u00f6nnyen, gyorsan:\u00a0Impress. Mi\u00e9rt fontos a megismerkedni a parancssorral?\u00a0parnote le\u00edr egy esetet, ami meger\u0151s\u00edtette meggy\u0151z\u0151d\u00e9s\u00e9t: ismerni kell a parancssort (is)! LXDE 2013 teljes \u00e9rt\u00e9k\u00fc OpenBox men\u00fcvel\u00a0Nem &hellip; <a href=\"http:\/\/pclos.janu.hu\/?page_id=721\">Egy kattint\u00e1s ide a folytat\u00e1shoz&#8230;. <span class=\"meta-nav\">&rarr;<\/span><\/a><\/p>\n","protected":false},"author":1,"featured_media":0,"parent":491,"menu_order":10,"comment_status":"open","ping_status":"closed","template":"","meta":{"footnotes":""},"class_list":["post-721","page","type-page","status-publish","hentry"],"_links":{"self":[{"href":"http:\/\/pclos.janu.hu\/index.php?rest_route=\/wp\/v2\/pages\/721","targetHints":{"allow":["GET"]}}],"collection":[{"href":"http:\/\/pclos.janu.hu\/index.php?rest_route=\/wp\/v2\/pages"}],"about":[{"href":"http:\/\/pclos.janu.hu\/index.php?rest_route=\/wp\/v2\/types\/page"}],"author":[{"embeddable":true,"href":"http:\/\/pclos.janu.hu\/index.php?rest_route=\/wp\/v2\/users\/1"}],"replies":[{"embeddable":true,"href":"http:\/\/pclos.janu.hu\/index.php?rest_route=%2Fwp%2Fv2%2Fcomments&post=721"}],"version-history":[{"count":4,"href":"http:\/\/pclos.janu.hu\/index.php?rest_route=\/wp\/v2\/pages\/721\/revisions"}],"predecessor-version":[{"id":776,"href":"http:\/\/pclos.janu.hu\/index.php?rest_route=\/wp\/v2\/pages\/721\/revisions\/776"}],"up":[{"embeddable":true,"href":"http:\/\/pclos.janu.hu\/index.php?rest_route=\/wp\/v2\/pages\/491"}],"wp:attachment":[{"href":"http:\/\/pclos.janu.hu\/index.php?rest_route=%2Fwp%2Fv2%2Fmedia&parent=721"}],"curies":[{"name":"wp","href":"https:\/\/api.w.org\/{rel}","templated":true}]}}