{"id":777,"date":"2013-11-17T09:51:59","date_gmt":"2013-11-17T08:51:59","guid":{"rendered":"http:\/\/pclos.janu.hu\/?page_id=777"},"modified":"2017-06-30T12:05:43","modified_gmt":"2017-06-30T10:05:43","slug":"vegyes","status":"publish","type":"page","link":"http:\/\/pclos.janu.hu\/?page_id=777","title":{"rendered":"Vegyes"},"content":{"rendered":"<p>Az itt k\u00f6z\u00f6lt \u00edr\u00e1sok \u00e1ltal\u00e1ban szerkesztett\u00a0 anyagok (pl. \u00f6sszefoglal\u00f3k), vagy egy-egy honlapr\u00f3l sz\u00e1rmaz\u00f3 ford\u00edt\u00e1sok. B\u00e1r nem felt\u00e9tlen\u00fcl <span style=\"color: #008080;\"><strong>PCLinuxOS<\/strong><\/span>-t haszn\u00e1l\u00f3 szem\u00e9lyek k\u00e9sz\u00edtett\u00e9k, de kedvenc rendszer\u00fcnk alatt is j\u00f3l m\u0171k\u00f6d\u0151 megold\u00e1sokat mutat be.<\/p>\n<p><a href=\"http:\/\/pclos.janu.hu\/wp-content\/uploads\/2013\/11\/Chromebook_Linux.pdf\" target=\"_blank\" rel=\"noopener\">Hogyan (\u00e9s mi\u00e9rt) telep\u00edts\u00fcnk Linuxot Chromebook-ra<\/a>\u00a0Az angol <a href=\"https:\/\/arstechnica.co.uk\/\" target=\"_blank\" rel=\"noopener\">Ars Technika UK<\/a>\u00a0foly\u00f3\u00edratban megjelent cikk \u201ehalad\u00f3bb\u201d felhaszn\u00e1l\u00f3knak a Chromebook-ra telep\u00edthet\u0151 Linux megold\u00e1sr\u00f3l.<\/p>\n<p><a href=\"http:\/\/pclos.janu.hu\/?p=1445\" target=\"_blank\" rel=\"noopener\">\u201eHal\u00e1los\u201d parancsok Linuxon<\/a> A <a href=\"http:\/\/www.makeuseof.com\/\" target=\"_blank\" rel=\"noopener\">MakUseOf<\/a> honlap sok \u00e9rdekes cikket tartalmaz k\u00fcl\u00f6nb\u00f6z\u0151 oper\u00e1ci\u00f3s rendszerekkel \u00e9s m\u00e1s t\u00e9m\u00e1kkal kapcsolatban. Ez a cikk a Linux egyes vesz\u00e9lyes parancsair\u00f3l sz\u00f3l.<\/p>\n<p><a href=\"http:\/\/pclos.janu.hu\/?p=1395\" target=\"_blank\" rel=\"noopener\">GRUB2 \u00e9s multiboot<\/a> Kor\u00e1bbi cikkek megeml\u00edtik, hogy a GRUB-legacy (azaz a hagyom\u00e1nyos GRUB) fejleszt\u00e9se le\u00e1llt. Floris Vanderhaeghe cikk\u00e9nek j\u00f3 \u00f6sszefoglal\u00f3ja <strong><span style=\"color: #0000ff;\">toroka<\/span><\/strong> tolm\u00e1csol\u00e1s\u00e1ban.<\/p>\n<p><a href=\"http:\/\/pclos.janu.hu\/?p=779 \" target=\"_blank\" rel=\"noopener\">Konqueror tippek \u00e9s tr\u00fckk\u00f6k<\/a>\u00a0egy\u00e1ltal\u00e1n nem meglep\u0151 m\u00f3don a t\u00f6r\u00f6k OpenSuSE honlapr\u00f3l sz\u00e1rmaz\u00f3 cikket lehet olvasni a\u00a0<strong>kio_slave<\/strong> haszn\u00e1lat\u00e1r\u00f3l.<\/p>\n<blockquote style=\"font-size: small;\"><p>A t\u00f6r\u00f6k sz\u00e1m\u00edt\u00e1stechnikai kult\u00fara m\u00e9rf\u00f6ldekkel van el\u0151tt\u00fcnk. Sz\u00e1mos ter\u00fcleten alkottak maradand\u00f3t, szem\u00e9lyes \u00e9lm\u00e9nyem az ORACLE \u00e1ltal k\u00f6zz\u00e9tett diplomamunk\u00e1k k\u00f6z\u00f6tt fellelt sz\u00e1mos rendszertechnikai szkript, t\u00f6r\u00f6k szigorl\u00f3k billenty\u0171zet\u00e9r\u0151l.<\/p><\/blockquote>\n<p><a href=\"http:\/\/pclos.janu.hu\/?p=784 K\u00f6z\" target=\"_blank\" rel=\"noopener\">Saj\u00e1t PCLinuxOS remaster \u2013 mylivecd-vel<\/a>:\u00a0<strong><span style=\"color: #3366ff;\">Toroka<\/span><\/strong> \u00f6sszefoglal\u00f3ja saj\u00e1t CD (DVD) k\u00e9sz\u00edt\u00e9sr\u0151l. Az alap a fut\u00f3\u00a0<strong><span style=\"color: #008080;\">PCLinuxOS<\/span><\/strong> rendszer\u00fcnk.<\/p>\n<p><a href=\"http:\/\/pclos.janu.hu\/?p=1321\" target=\"_blank\" rel=\"noopener\">Kilenc LibreOffice kiterjeszt\u00e9s<\/a> a PCLinuxOS Magazine 2014. augusztusi sz\u00e1m\u00e1ban megjelent LibreOffice cikkhez kieg\u00e9sz\u00edt\u00e9sk\u00e9nt.<\/p>\n","protected":false},"excerpt":{"rendered":"<p>Az itt k\u00f6z\u00f6lt \u00edr\u00e1sok \u00e1ltal\u00e1ban szerkesztett\u00a0 anyagok (pl. \u00f6sszefoglal\u00f3k), vagy egy-egy honlapr\u00f3l sz\u00e1rmaz\u00f3 ford\u00edt\u00e1sok. B\u00e1r nem felt\u00e9tlen\u00fcl PCLinuxOS-t haszn\u00e1l\u00f3 szem\u00e9lyek k\u00e9sz\u00edtett\u00e9k, de kedvenc rendszer\u00fcnk alatt is j\u00f3l m\u0171k\u00f6d\u0151 megold\u00e1sokat mutat be. Hogyan (\u00e9s mi\u00e9rt) telep\u00edts\u00fcnk Linuxot Chromebook-ra\u00a0Az angol Ars Technika &hellip; <a href=\"http:\/\/pclos.janu.hu\/?page_id=777\">Egy kattint\u00e1s ide a folytat\u00e1shoz&#8230;. <span class=\"meta-nav\">&rarr;<\/span><\/a><\/p>\n","protected":false},"author":1,"featured_media":0,"parent":334,"menu_order":30,"comment_status":"open","ping_status":"closed","template":"","meta":{"footnotes":""},"class_list":["post-777","page","type-page","status-publish","hentry"],"_links":{"self":[{"href":"http:\/\/pclos.janu.hu\/index.php?rest_route=\/wp\/v2\/pages\/777","targetHints":{"allow":["GET"]}}],"collection":[{"href":"http:\/\/pclos.janu.hu\/index.php?rest_route=\/wp\/v2\/pages"}],"about":[{"href":"http:\/\/pclos.janu.hu\/index.php?rest_route=\/wp\/v2\/types\/page"}],"author":[{"embeddable":true,"href":"http:\/\/pclos.janu.hu\/index.php?rest_route=\/wp\/v2\/users\/1"}],"replies":[{"embeddable":true,"href":"http:\/\/pclos.janu.hu\/index.php?rest_route=%2Fwp%2Fv2%2Fcomments&post=777"}],"version-history":[{"count":6,"href":"http:\/\/pclos.janu.hu\/index.php?rest_route=\/wp\/v2\/pages\/777\/revisions"}],"predecessor-version":[{"id":786,"href":"http:\/\/pclos.janu.hu\/index.php?rest_route=\/wp\/v2\/pages\/777\/revisions\/786"}],"up":[{"embeddable":true,"href":"http:\/\/pclos.janu.hu\/index.php?rest_route=\/wp\/v2\/pages\/334"}],"wp:attachment":[{"href":"http:\/\/pclos.janu.hu\/index.php?rest_route=%2Fwp%2Fv2%2Fmedia&parent=777"}],"curies":[{"name":"wp","href":"https:\/\/api.w.org\/{rel}","templated":true}]}}