{"id":889,"date":"2014-01-06T07:30:27","date_gmt":"2014-01-06T06:30:27","guid":{"rendered":"http:\/\/pclos.janu.hu\/?page_id=889"},"modified":"2018-01-04T16:53:21","modified_gmt":"2018-01-04T15:53:21","slug":"2014-2","status":"publish","type":"page","link":"http:\/\/pclos.janu.hu\/?page_id=889","title":{"rendered":"2014"},"content":{"rendered":"<p>\u201e&#8230;Rem\u00e9lj\u00fck, hogy a 2014. \u00e9v a <span style=\"color: #008080;\"><strong>PCLinuxOS<\/strong><\/span> folyamatos n\u00f6veked\u00e9s\u00e9t hozza,&#8230;&#8221;<br \/>\n(a janu\u00e1ri bek\u00f6sz\u00f6nt\u0151b\u0151l)<\/p>\n","protected":false},"excerpt":{"rendered":"<p>\u201e&#8230;Rem\u00e9lj\u00fck, hogy a 2014. \u00e9v a PCLinuxOS folyamatos n\u00f6veked\u00e9s\u00e9t hozza,&#8230;&#8221; (a janu\u00e1ri bek\u00f6sz\u00f6nt\u0151b\u0151l)<\/p>\n","protected":false},"author":1,"featured_media":0,"parent":2206,"menu_order":30,"comment_status":"open","ping_status":"closed","template":"","meta":{"footnotes":""},"class_list":["post-889","page","type-page","status-publish","hentry"],"_links":{"self":[{"href":"http:\/\/pclos.janu.hu\/index.php?rest_route=\/wp\/v2\/pages\/889","targetHints":{"allow":["GET"]}}],"collection":[{"href":"http:\/\/pclos.janu.hu\/index.php?rest_route=\/wp\/v2\/pages"}],"about":[{"href":"http:\/\/pclos.janu.hu\/index.php?rest_route=\/wp\/v2\/types\/page"}],"author":[{"embeddable":true,"href":"http:\/\/pclos.janu.hu\/index.php?rest_route=\/wp\/v2\/users\/1"}],"replies":[{"embeddable":true,"href":"http:\/\/pclos.janu.hu\/index.php?rest_route=%2Fwp%2Fv2%2Fcomments&post=889"}],"version-history":[{"count":2,"href":"http:\/\/pclos.janu.hu\/index.php?rest_route=\/wp\/v2\/pages\/889\/revisions"}],"predecessor-version":[{"id":893,"href":"http:\/\/pclos.janu.hu\/index.php?rest_route=\/wp\/v2\/pages\/889\/revisions\/893"}],"up":[{"embeddable":true,"href":"http:\/\/pclos.janu.hu\/index.php?rest_route=\/wp\/v2\/pages\/2206"}],"wp:attachment":[{"href":"http:\/\/pclos.janu.hu\/index.php?rest_route=%2Fwp%2Fv2%2Fmedia&parent=889"}],"curies":[{"name":"wp","href":"https:\/\/api.w.org\/{rel}","templated":true}]}}